Last updated on 2024-07-01 03:49:06 CEST.
Flavor | Version | Tinstall | Tcheck | Ttotal | Status | Flags |
---|---|---|---|---|---|---|
r-devel-linux-x86_64-debian-clang | 1.5.13 | 13.07 | 181.52 | 194.59 | OK | |
r-devel-linux-x86_64-debian-gcc | 1.5.13 | 10.92 | 129.95 | 140.87 | OK | |
r-devel-linux-x86_64-fedora-clang | 1.5.13 | 235.16 | NOTE | |||
r-devel-linux-x86_64-fedora-gcc | 1.5.13 | 234.57 | NOTE | |||
r-devel-windows-x86_64 | 1.5.13 | 13.00 | 143.00 | 156.00 | OK | |
r-patched-linux-x86_64 | 1.5.13 | 8.54 | 168.44 | 176.98 | OK | |
r-release-linux-x86_64 | 1.5.13 | 8.63 | 170.11 | 178.74 | OK | |
r-release-macos-arm64 | 1.5.13 | 74.00 | OK | |||
r-release-macos-x86_64 | 1.5.13 | 103.00 | OK | |||
r-release-windows-x86_64 | 1.5.13 | 12.00 | 142.00 | 154.00 | OK | |
r-oldrel-macos-arm64 | 1.5.13 | 77.00 | OK | |||
r-oldrel-macos-x86_64 | 1.5.13 | 144.00 | OK | |||
r-oldrel-windows-x86_64 | 1.5.13 | 16.00 | 179.00 | 195.00 | OK |
Version: 1.5.13
Check: dependencies in R code
Result: NOTE
Namespace in Imports field not imported from: ‘e1071’
All declared Imports should be used.
Flavors: r-devel-linux-x86_64-fedora-clang, r-devel-linux-x86_64-fedora-gcc