Last updated on 2024-07-01 03:49:06 CEST.
Flavor | Version | Tinstall | Tcheck | Ttotal | Status | Flags |
---|---|---|---|---|---|---|
r-devel-linux-x86_64-debian-clang | 1.1 | 45.37 | 175.75 | 221.12 | OK | |
r-devel-linux-x86_64-debian-gcc | 1.1 | 37.25 | 147.35 | 184.60 | OK | |
r-devel-linux-x86_64-fedora-clang | 1.1 | 285.61 | NOTE | |||
r-devel-linux-x86_64-fedora-gcc | 1.1 | 330.00 | NOTE | |||
r-devel-windows-x86_64 | 1.1 | 38.00 | 181.00 | 219.00 | OK | |
r-patched-linux-x86_64 | 1.1 | 39.73 | 198.42 | 238.15 | OK | |
r-release-linux-x86_64 | 1.1 | 29.59 | 194.63 | 224.22 | OK | |
r-release-macos-arm64 | 1.1 | 99.00 | NOTE | |||
r-release-macos-x86_64 | 1.1 | 209.00 | NOTE | |||
r-release-windows-x86_64 | 1.1 | 37.00 | 178.00 | 215.00 | OK | |
r-oldrel-macos-arm64 | 1.1 | 110.00 | NOTE | |||
r-oldrel-macos-x86_64 | 1.1 | 156.00 | NOTE | |||
r-oldrel-windows-x86_64 | 1.1 | 45.00 | 222.00 | 267.00 | OK |
Version: 1.1
Check: dependencies in R code
Result: NOTE
Namespaces in Imports field not imported from:
‘ggplot2’ ‘knitr’ ‘purrr’ ‘rmarkdown’
All declared Imports should be used.
Flavors: r-devel-linux-x86_64-fedora-clang, r-devel-linux-x86_64-fedora-gcc
Version: 1.1
Check: installed package size
Result: NOTE
installed size is 11.4Mb
sub-directories of 1Mb or more:
data 1.8Mb
libs 9.1Mb
Flavors: r-release-macos-arm64, r-release-macos-x86_64, r-oldrel-macos-arm64, r-oldrel-macos-x86_64