Last updated on 2024-07-01 03:49:06 CEST.
Flavor | Version | Tinstall | Tcheck | Ttotal | Status | Flags |
---|---|---|---|---|---|---|
r-devel-linux-x86_64-debian-clang | 1.2.0 | 6.26 | 88.83 | 95.09 | OK | |
r-devel-linux-x86_64-debian-gcc | 1.2.0 | 4.33 | 68.22 | 72.55 | OK | |
r-devel-linux-x86_64-fedora-clang | 1.2.0 | 121.92 | NOTE | |||
r-devel-linux-x86_64-fedora-gcc | 1.2.0 | 126.85 | NOTE | |||
r-devel-windows-x86_64 | 1.2.0 | 7.00 | 88.00 | 95.00 | OK | |
r-patched-linux-x86_64 | 1.2.0 | 6.46 | 86.01 | 92.47 | OK | |
r-release-linux-x86_64 | 1.2.0 | 6.21 | 82.99 | 89.20 | OK | |
r-release-macos-arm64 | 1.2.0 | 49.00 | OK | |||
r-release-macos-x86_64 | 1.2.0 | 72.00 | OK | |||
r-release-windows-x86_64 | 1.2.0 | 8.00 | 91.00 | 99.00 | OK | |
r-oldrel-macos-arm64 | 1.2.0 | 48.00 | OK | |||
r-oldrel-macos-x86_64 | 1.2.0 | 70.00 | OK | |||
r-oldrel-windows-x86_64 | 1.2.0 | 8.00 | 101.00 | 109.00 | OK |
Version: 1.2.0
Check: data for non-ASCII characters
Result: NOTE
Note: found 75 marked UTF-8 strings
Flavors: r-devel-linux-x86_64-fedora-clang, r-devel-linux-x86_64-fedora-gcc