Last updated on 2024-07-01 03:49:06 CEST.
Flavor | Version | Tinstall | Tcheck | Ttotal | Status | Flags |
---|---|---|---|---|---|---|
r-devel-linux-x86_64-debian-clang | 0.5.2 | 516.87 | 99.29 | 616.16 | OK | |
r-devel-linux-x86_64-debian-gcc | 0.5.2 | 366.18 | 71.18 | 437.36 | OK | |
r-devel-linux-x86_64-fedora-clang | 0.5.2 | 942.08 | OK | |||
r-devel-linux-x86_64-fedora-gcc | 0.5.2 | 1005.58 | OK | |||
r-devel-windows-x86_64 | 0.5.2 | 450.00 | 147.00 | 597.00 | OK | |
r-patched-linux-x86_64 | 0.5.2 | 441.81 | 91.27 | 533.08 | OK | |
r-release-linux-x86_64 | 0.5.2 | 454.89 | 88.44 | 543.33 | OK | |
r-release-macos-arm64 | 0.5.2 | 177.00 | NOTE | |||
r-release-macos-x86_64 | 0.5.2 | 163.00 | NOTE | |||
r-release-windows-x86_64 | 0.5.2 | 446.00 | 145.00 | 591.00 | OK | |
r-oldrel-macos-arm64 | 0.5.2 | 198.00 | NOTE | |||
r-oldrel-macos-x86_64 | 0.5.2 | 222.00 | NOTE | |||
r-oldrel-windows-x86_64 | 0.5.2 | 524.00 | 169.00 | 693.00 | OK |
Version: 0.5.2
Check: installed package size
Result: NOTE
installed size is 26.2Mb
sub-directories of 1Mb or more:
libs 24.8Mb
Flavors: r-release-macos-arm64, r-release-macos-x86_64, r-oldrel-macos-arm64, r-oldrel-macos-x86_64