Last updated on 2024-07-01 03:49:06 CEST.
Flavor | Version | Tinstall | Tcheck | Ttotal | Status | Flags |
---|---|---|---|---|---|---|
r-devel-linux-x86_64-debian-clang | 1.6.1 | 18.83 | 443.78 | 462.61 | OK | |
r-devel-linux-x86_64-debian-gcc | 1.6.1 | 19.03 | 350.07 | 369.10 | OK | |
r-devel-linux-x86_64-fedora-clang | 1.6.1 | 669.85 | OK | |||
r-devel-linux-x86_64-fedora-gcc | 1.6.1 | 612.12 | OK | |||
r-devel-windows-x86_64 | 1.6.1 | 22.00 | 327.00 | 349.00 | OK | |
r-patched-linux-x86_64 | 1.6.1 | 31.83 | 461.76 | 493.59 | OK | |
r-release-linux-x86_64 | 1.6.1 | 22.73 | 448.29 | 471.02 | OK | |
r-release-macos-arm64 | 1.6.1 | 278.00 | NOTE | |||
r-release-macos-x86_64 | 1.6.1 | 254.00 | NOTE | |||
r-release-windows-x86_64 | 1.6.1 | 22.00 | 334.00 | 356.00 | OK | |
r-oldrel-macos-arm64 | 1.6.1 | 140.00 | NOTE | |||
r-oldrel-macos-x86_64 | 1.6.1 | 351.00 | NOTE | |||
r-oldrel-windows-x86_64 | 1.6.1 | 29.00 | 426.00 | 455.00 | OK |
Version: 1.6.1
Check: package dependencies
Result: NOTE
Package suggested but not available for checking: ‘mixAK’
Flavors: r-release-macos-arm64, r-release-macos-x86_64, r-oldrel-macos-arm64, r-oldrel-macos-x86_64
Version: 1.6.1
Check: Rd cross-references
Result: NOTE
Package unavailable to check Rd xrefs: ‘mixAK’
Flavors: r-release-macos-arm64, r-release-macos-x86_64, r-oldrel-macos-arm64, r-oldrel-macos-x86_64