Last updated on 2024-07-01 03:49:06 CEST.
Flavor | Version | Tinstall | Tcheck | Ttotal | Status | Flags |
---|---|---|---|---|---|---|
r-devel-linux-x86_64-debian-clang | 1.4.0 | 105.13 | 223.79 | 328.92 | OK | |
r-devel-linux-x86_64-debian-gcc | 1.4.0 | 71.68 | 167.41 | 239.09 | OK | |
r-devel-linux-x86_64-fedora-clang | 1.4.0 | 443.78 | OK | |||
r-devel-linux-x86_64-fedora-gcc | 1.4.0 | 445.53 | OK | |||
r-devel-windows-x86_64 | 1.4.0 | 80.00 | 236.00 | 316.00 | NOTE | |
r-patched-linux-x86_64 | 1.4.0 | 89.50 | 216.92 | 306.42 | OK | |
r-release-linux-x86_64 | 1.4.0 | 61.66 | 211.47 | 273.13 | OK | |
r-release-macos-arm64 | 1.4.0 | 119.00 | NOTE | |||
r-release-macos-x86_64 | 1.4.0 | 172.00 | NOTE | |||
r-release-windows-x86_64 | 1.4.0 | 83.00 | 239.00 | 322.00 | NOTE | |
r-oldrel-macos-arm64 | 1.4.0 | 139.00 | NOTE | |||
r-oldrel-macos-x86_64 | 1.4.0 | 250.00 | NOTE | |||
r-oldrel-windows-x86_64 | 1.4.0 | 103.00 | 278.00 | 381.00 | NOTE |
Version: 1.4.0
Check: installed package size
Result: NOTE
installed size is 5.7Mb
sub-directories of 1Mb or more:
doc 1.8Mb
libs 1.7Mb
Flavors: r-devel-windows-x86_64, r-release-macos-arm64, r-release-macos-x86_64, r-release-windows-x86_64, r-oldrel-macos-arm64, r-oldrel-macos-x86_64, r-oldrel-windows-x86_64