Last updated on 2024-07-01 03:49:06 CEST.
Flavor | Version | Tinstall | Tcheck | Ttotal | Status | Flags |
---|---|---|---|---|---|---|
r-devel-linux-x86_64-debian-clang | 2.2.4 | 23.31 | 28.81 | 52.12 | NOTE | |
r-devel-linux-x86_64-debian-gcc | 2.2.4 | 14.59 | 22.89 | 37.48 | NOTE | |
r-devel-linux-x86_64-fedora-clang | 2.2.4 | 72.19 | NOTE | |||
r-devel-linux-x86_64-fedora-gcc | 2.2.4 | 67.95 | NOTE | |||
r-devel-windows-x86_64 | 2.2.4 | 23.00 | 60.00 | 83.00 | NOTE | |
r-patched-linux-x86_64 | 2.2.4 | 18.37 | 28.51 | 46.88 | NOTE | |
r-release-linux-x86_64 | 2.2.4 | 16.41 | 27.73 | 44.14 | NOTE | |
r-release-macos-arm64 | 2.2.4 | 37.00 | NOTE | |||
r-release-macos-x86_64 | 2.2.4 | 77.00 | NOTE | |||
r-release-windows-x86_64 | 2.2.4 | 21.00 | 61.00 | 82.00 | NOTE | |
r-oldrel-macos-arm64 | 2.2.4 | 40.00 | NOTE | |||
r-oldrel-macos-x86_64 | 2.2.4 | 87.00 | NOTE | |||
r-oldrel-windows-x86_64 | 2.2.4 | 27.00 | 69.00 | 96.00 | NOTE |
Version: 2.2.4
Check: for GNU extensions in Makefiles
Result: NOTE
GNU make is a SystemRequirements.
Flavors: r-devel-linux-x86_64-debian-clang, r-devel-linux-x86_64-debian-gcc, r-devel-linux-x86_64-fedora-clang, r-devel-linux-x86_64-fedora-gcc, r-devel-windows-x86_64, r-patched-linux-x86_64, r-release-linux-x86_64, r-release-macos-arm64, r-release-macos-x86_64, r-release-windows-x86_64, r-oldrel-macos-arm64, r-oldrel-macos-x86_64, r-oldrel-windows-x86_64
Version: 2.2.4
Check: Rd cross-references
Result: NOTE
Undeclared package ‘gsl’ in Rd xrefs
Flavor: r-devel-linux-x86_64-fedora-clang