Last updated on 2024-07-01 03:49:06 CEST.
Flavor | Version | Tinstall | Tcheck | Ttotal | Status | Flags |
---|---|---|---|---|---|---|
r-devel-linux-x86_64-debian-clang | 0.1.0 | 11.37 | 119.42 | 130.79 | NOTE | |
r-devel-linux-x86_64-debian-gcc | 0.1.0 | 8.34 | 89.28 | 97.62 | NOTE | |
r-devel-linux-x86_64-fedora-clang | 0.1.0 | 166.64 | NOTE | |||
r-devel-linux-x86_64-fedora-gcc | 0.1.0 | 166.60 | NOTE | |||
r-devel-windows-x86_64 | 0.1.0 | 11.00 | 111.00 | 122.00 | NOTE | |
r-patched-linux-x86_64 | 0.1.0 | 11.50 | 117.27 | 128.77 | NOTE | |
r-release-linux-x86_64 | 0.1.0 | 8.80 | 114.57 | 123.37 | NOTE | |
r-release-macos-arm64 | 0.1.0 | 52.00 | NOTE | |||
r-release-macos-x86_64 | 0.1.0 | 77.00 | NOTE | |||
r-release-windows-x86_64 | 0.1.0 | 10.00 | 111.00 | 121.00 | NOTE | |
r-oldrel-macos-arm64 | 0.1.0 | 59.00 | NOTE | |||
r-oldrel-macos-x86_64 | 0.1.0 | 139.00 | NOTE | |||
r-oldrel-windows-x86_64 | 0.1.0 | 13.00 | 128.00 | 141.00 | NOTE |
Version: 0.1.0
Check: package dependencies
Result: NOTE
Package suggested but not available for checking: ‘RGeostats’
Flavors: r-devel-linux-x86_64-debian-clang, r-devel-linux-x86_64-debian-gcc, r-devel-linux-x86_64-fedora-clang, r-devel-linux-x86_64-fedora-gcc, r-devel-windows-x86_64, r-patched-linux-x86_64, r-release-linux-x86_64, r-release-macos-arm64, r-release-macos-x86_64, r-release-windows-x86_64, r-oldrel-macos-arm64, r-oldrel-macos-x86_64, r-oldrel-windows-x86_64