Last updated on 2024-07-01 03:49:05 CEST.
Flavor | Version | Tinstall | Tcheck | Ttotal | Status | Flags |
---|---|---|---|---|---|---|
r-devel-linux-x86_64-debian-clang | 2.2.2 | 16.14 | 200.34 | 216.48 | NOTE | |
r-devel-linux-x86_64-debian-gcc | 2.2.2 | 11.92 | 143.16 | 155.08 | NOTE | |
r-devel-linux-x86_64-fedora-clang | 2.2.2 | 291.11 | NOTE | |||
r-devel-linux-x86_64-fedora-gcc | 2.2.2 | 319.72 | NOTE | |||
r-devel-windows-x86_64 | 2.2.2 | 14.00 | 154.00 | 168.00 | NOTE | |
r-patched-linux-x86_64 | 2.2.2 | 15.68 | 186.91 | 202.59 | NOTE | |
r-release-linux-x86_64 | 2.2.2 | 15.71 | 189.53 | 205.24 | NOTE | |
r-release-macos-arm64 | 2.2.2 | 96.00 | NOTE | |||
r-release-macos-x86_64 | 2.2.2 | 155.00 | NOTE | |||
r-release-windows-x86_64 | 2.2.2 | 13.00 | 159.00 | 172.00 | NOTE | |
r-oldrel-macos-arm64 | 2.2.2 | 82.00 | OK | |||
r-oldrel-macos-x86_64 | 2.2.2 | 144.00 | OK | |||
r-oldrel-windows-x86_64 | 2.2.2 | 19.00 | 194.00 | 213.00 | OK |
Version: 2.2.2
Check: Rd files
Result: NOTE
checkRd: (-1) export_summs.Rd:26: Lost braces; missing escapes or markup?
26 | Default: "({std.error})"}
| ^
Flavors: r-devel-linux-x86_64-debian-clang, r-devel-linux-x86_64-debian-gcc, r-devel-linux-x86_64-fedora-clang, r-devel-linux-x86_64-fedora-gcc, r-devel-windows-x86_64, r-patched-linux-x86_64, r-release-linux-x86_64, r-release-macos-arm64, r-release-macos-x86_64, r-release-windows-x86_64