Last updated on 2024-07-01 03:49:05 CEST.
Flavor | Version | Tinstall | Tcheck | Ttotal | Status | Flags |
---|---|---|---|---|---|---|
r-devel-linux-x86_64-debian-clang | 2.1.1 | 40.88 | 35.89 | 76.77 | OK | |
r-devel-linux-x86_64-debian-gcc | 2.1.1 | 31.02 | 27.12 | 58.14 | OK | |
r-devel-linux-x86_64-fedora-clang | 2.1.1 | 100.92 | OK | |||
r-devel-linux-x86_64-fedora-gcc | 2.1.1 | 112.16 | OK | |||
r-devel-windows-x86_64 | 2.1.1 | 31.00 | 67.00 | 98.00 | OK | |
r-patched-linux-x86_64 | 2.1.1 | 39.91 | 34.14 | 74.05 | OK | |
r-release-linux-x86_64 | 2.1.1 | 36.12 | 33.32 | 69.44 | OK | |
r-release-macos-arm64 | 2.1.1 | 29.00 | NOTE | |||
r-release-macos-x86_64 | 2.1.1 | 50.00 | NOTE | |||
r-release-windows-x86_64 | 2.1.1 | 32.00 | 66.00 | 98.00 | OK | |
r-oldrel-macos-arm64 | 2.1.1 | 32.00 | NOTE | |||
r-oldrel-macos-x86_64 | 2.1.1 | 47.00 | NOTE | |||
r-oldrel-windows-x86_64 | 2.1.1 | 32.00 | 75.00 | 107.00 | OK |
Version: 2.1.1
Check: installed package size
Result: NOTE
installed size is 5.7Mb
sub-directories of 1Mb or more:
libs 4.7Mb
Flavors: r-release-macos-arm64, r-release-macos-x86_64, r-oldrel-macos-arm64, r-oldrel-macos-x86_64