Last updated on 2024-07-01 03:49:05 CEST.
Flavor | Version | Tinstall | Tcheck | Ttotal | Status | Flags |
---|---|---|---|---|---|---|
r-devel-linux-x86_64-debian-clang | 2.6.0 | 7.09 | 48.95 | 56.04 | OK | |
r-devel-linux-x86_64-debian-gcc | 2.6.0 | 6.21 | 37.78 | 43.99 | OK | |
r-devel-linux-x86_64-fedora-clang | 2.6.0 | 69.83 | NOTE | |||
r-devel-linux-x86_64-fedora-gcc | 2.6.0 | 66.22 | NOTE | |||
r-devel-windows-x86_64 | 2.6.0 | 16.00 | 63.00 | 79.00 | OK | |
r-patched-linux-x86_64 | 2.6.0 | 6.82 | 47.98 | 54.80 | OK | |
r-release-linux-x86_64 | 2.6.0 | 6.77 | 47.63 | 54.40 | OK | |
r-release-macos-arm64 | 2.6.0 | 29.00 | NOTE | |||
r-release-macos-x86_64 | 2.6.0 | 38.00 | NOTE | |||
r-release-windows-x86_64 | 2.6.0 | 14.00 | 63.00 | 77.00 | OK | |
r-oldrel-macos-arm64 | 2.6.0 | 32.00 | NOTE | |||
r-oldrel-macos-x86_64 | 2.6.0 | 57.00 | NOTE | |||
r-oldrel-windows-x86_64 | 2.6.0 | 16.00 | 69.00 | 85.00 | OK |
Version: 2.6.0
Check: installed package size
Result: NOTE
installed size is 7.0Mb
sub-directories of 1Mb or more:
examples 2.9Mb
htmlwidgets 1.1Mb
www 2.7Mb
Flavors: r-devel-linux-x86_64-fedora-clang, r-release-macos-arm64, r-release-macos-x86_64, r-oldrel-macos-arm64, r-oldrel-macos-x86_64
Version: 2.6.0
Check: data for non-ASCII characters
Result: NOTE
Note: found 17 marked UTF-8 strings
Flavors: r-devel-linux-x86_64-fedora-clang, r-devel-linux-x86_64-fedora-gcc