Last updated on 2024-07-01 03:49:05 CEST.
Flavor | Version | Tinstall | Tcheck | Ttotal | Status | Flags |
---|---|---|---|---|---|---|
r-devel-linux-x86_64-debian-clang | 0.1.0 | 2.78 | 26.04 | 28.82 | NOTE | |
r-devel-linux-x86_64-debian-gcc | 0.1.0 | 1.98 | 20.10 | 22.08 | NOTE | |
r-devel-linux-x86_64-fedora-clang | 0.1.0 | 36.51 | NOTE | |||
r-devel-linux-x86_64-fedora-gcc | 0.1.0 | 34.22 | NOTE | |||
r-devel-windows-x86_64 | 0.1.0 | 2.00 | 42.00 | 44.00 | NOTE | |
r-patched-linux-x86_64 | 0.1.0 | 2.97 | 25.09 | 28.06 | NOTE | |
r-release-linux-x86_64 | 0.1.0 | 2.06 | 24.50 | 26.56 | NOTE | |
r-release-macos-arm64 | 0.1.0 | 16.00 | NOTE | |||
r-release-macos-x86_64 | 0.1.0 | 22.00 | NOTE | |||
r-release-windows-x86_64 | 0.1.0 | 3.00 | 42.00 | 45.00 | NOTE | |
r-oldrel-macos-arm64 | 0.1.0 | 16.00 | NOTE | |||
r-oldrel-macos-x86_64 | 0.1.0 | 22.00 | NOTE | |||
r-oldrel-windows-x86_64 | 0.1.0 | 3.00 | 44.00 | 47.00 | NOTE |
Version: 0.1.0
Check: LazyData
Result: NOTE
'LazyData' is specified without a 'data' directory
Flavors: r-devel-linux-x86_64-debian-clang, r-devel-linux-x86_64-debian-gcc, r-devel-linux-x86_64-fedora-clang, r-devel-linux-x86_64-fedora-gcc, r-devel-windows-x86_64, r-patched-linux-x86_64, r-release-linux-x86_64, r-release-macos-arm64, r-release-macos-x86_64, r-release-windows-x86_64, r-oldrel-macos-arm64, r-oldrel-macos-x86_64, r-oldrel-windows-x86_64