Last updated on 2024-07-01 03:49:05 CEST.
Flavor | Version | Tinstall | Tcheck | Ttotal | Status | Flags |
---|---|---|---|---|---|---|
r-devel-linux-x86_64-debian-clang | 0.0.10 | 3.37 | 71.38 | 74.75 | NOTE | |
r-devel-linux-x86_64-debian-gcc | 0.0.10 | 2.63 | 53.85 | 56.48 | NOTE | |
r-devel-linux-x86_64-fedora-clang | 0.0.10 | 94.45 | NOTE | |||
r-devel-linux-x86_64-fedora-gcc | 0.0.10 | 104.84 | NOTE | |||
r-devel-windows-x86_64 | 0.0.10 | 4.00 | 73.00 | 77.00 | NOTE | |
r-patched-linux-x86_64 | 0.0.10 | 2.63 | 69.58 | 72.21 | NOTE | |
r-release-linux-x86_64 | 0.0.10 | 3.10 | 67.45 | 70.55 | NOTE | |
r-release-macos-arm64 | 0.0.10 | 41.00 | NOTE | |||
r-release-macos-x86_64 | 0.0.10 | 59.00 | NOTE | |||
r-release-windows-x86_64 | 0.0.10 | 4.00 | 74.00 | 78.00 | NOTE | |
r-oldrel-macos-arm64 | 0.0.10 | 42.00 | NOTE | |||
r-oldrel-macos-x86_64 | 0.0.10 | 57.00 | NOTE | |||
r-oldrel-windows-x86_64 | 0.0.10 | 4.00 | 85.00 | 89.00 | NOTE |
Version: 0.0.10
Check: package dependencies
Result: NOTE
Package which this enhances but not available for checking: ‘remMap’
Flavors: r-devel-linux-x86_64-debian-clang, r-devel-linux-x86_64-debian-gcc, r-devel-linux-x86_64-fedora-clang, r-devel-linux-x86_64-fedora-gcc, r-devel-windows-x86_64, r-patched-linux-x86_64, r-release-linux-x86_64, r-release-macos-arm64, r-release-macos-x86_64, r-release-windows-x86_64, r-oldrel-macos-arm64, r-oldrel-windows-x86_64
Version: 0.0.10
Check: package dependencies
Result: NOTE
Packages which this enhances but not available for checking:
'remMap', 'mcen', 'RMTL'
Flavor: r-oldrel-macos-x86_64