Last updated on 2024-07-01 03:49:05 CEST.
Flavor | Version | Tinstall | Tcheck | Ttotal | Status | Flags |
---|---|---|---|---|---|---|
r-devel-linux-x86_64-debian-clang | 1.1.1 | 5.80 | 51.12 | 56.92 | OK | |
r-devel-linux-x86_64-debian-gcc | 1.1.1 | 4.13 | 38.62 | 42.75 | OK | |
r-devel-linux-x86_64-fedora-clang | 1.1.1 | 72.57 | NOTE | |||
r-devel-linux-x86_64-fedora-gcc | 1.1.1 | 67.22 | OK | |||
r-devel-windows-x86_64 | 1.1.1 | 6.00 | 57.00 | 63.00 | OK | |
r-patched-linux-x86_64 | 1.1.1 | 5.33 | 47.98 | 53.31 | OK | |
r-release-linux-x86_64 | 1.1.1 | 3.70 | 48.07 | 51.77 | OK | |
r-release-macos-arm64 | 1.1.1 | 23.00 | OK | |||
r-release-macos-x86_64 | 1.1.1 | 32.00 | OK | |||
r-release-windows-x86_64 | 1.1.1 | 8.00 | 56.00 | 64.00 | OK | |
r-oldrel-macos-arm64 | 1.1.1 | 24.00 | OK | |||
r-oldrel-macos-x86_64 | 1.1.1 | 33.00 | OK | |||
r-oldrel-windows-x86_64 | 1.1.1 | 8.00 | 62.00 | 70.00 | OK |
Version: 1.1.1
Check: Rd cross-references
Result: NOTE
Undeclared package ‘AER’ in Rd xrefs
Flavor: r-devel-linux-x86_64-fedora-clang