Last updated on 2024-07-01 03:49:05 CEST.
Flavor | Version | Tinstall | Tcheck | Ttotal | Status | Flags |
---|---|---|---|---|---|---|
r-devel-linux-x86_64-debian-clang | 1.9.12 | 29.23 | 41.88 | 71.11 | OK | |
r-devel-linux-x86_64-debian-gcc | 1.9.12 | 21.19 | 31.96 | 53.15 | OK | |
r-devel-linux-x86_64-fedora-clang | 1.9.12 | 93.24 | OK | |||
r-devel-linux-x86_64-fedora-gcc | 1.9.12 | 109.25 | OK | |||
r-devel-windows-x86_64 | 1.9.12 | 23.00 | 79.00 | 102.00 | OK | |
r-patched-linux-x86_64 | 1.9.12 | 24.40 | 40.30 | 64.70 | OK | |
r-release-linux-x86_64 | 1.9.12 | 28.69 | 39.37 | 68.06 | OK | |
r-release-macos-arm64 | 1.9.12 | 33.00 | NOTE | |||
r-release-macos-x86_64 | 1.9.12 | 57.00 | NOTE | |||
r-release-windows-x86_64 | 1.9.12 | 22.00 | 78.00 | 100.00 | OK | |
r-oldrel-macos-arm64 | 1.9.12 | 54.00 | NOTE | |||
r-oldrel-macos-x86_64 | 1.9.12 | 122.00 | NOTE | |||
r-oldrel-windows-x86_64 | 1.9.12 | 29.00 | 86.00 | 115.00 | OK |
Version: 1.9.12
Check: installed package size
Result: NOTE
installed size is 7.0Mb
sub-directories of 1Mb or more:
libs 6.5Mb
Flavors: r-release-macos-arm64, r-release-macos-x86_64, r-oldrel-macos-arm64, r-oldrel-macos-x86_64