Last updated on 2024-07-01 03:49:05 CEST.
Flavor | Version | Tinstall | Tcheck | Ttotal | Status | Flags |
---|---|---|---|---|---|---|
r-devel-linux-x86_64-debian-clang | 0.7.4 | 101.81 | 106.94 | 208.75 | OK | |
r-devel-linux-x86_64-debian-gcc | 0.7.4 | 78.82 | 81.22 | 160.04 | OK | |
r-devel-linux-x86_64-fedora-clang | 0.7.4 | 281.19 | OK | |||
r-devel-linux-x86_64-fedora-gcc | 0.7.4 | 303.10 | OK | |||
r-devel-windows-x86_64 | 0.7.4 | 78.00 | 114.00 | 192.00 | OK | |
r-patched-linux-x86_64 | 0.7.4 | 91.37 | 106.74 | 198.11 | OK | |
r-release-linux-x86_64 | 0.7.4 | 93.02 | 102.16 | 195.18 | OK | |
r-release-macos-arm64 | 0.7.4 | 71.00 | NOTE | |||
r-release-macos-x86_64 | 0.7.4 | 93.00 | NOTE | |||
r-release-windows-x86_64 | 0.7.4 | 78.00 | 110.00 | 188.00 | OK | |
r-oldrel-macos-arm64 | 0.7.4 | 75.00 | NOTE | |||
r-oldrel-macos-x86_64 | 0.7.4 | 143.00 | NOTE | |||
r-oldrel-windows-x86_64 | 0.7.4 | 97.00 | 142.00 | 239.00 | OK |
Version: 0.7.4
Check: installed package size
Result: NOTE
installed size is 13.5Mb
sub-directories of 1Mb or more:
libs 12.2Mb
Flavors: r-release-macos-arm64, r-release-macos-x86_64, r-oldrel-macos-arm64, r-oldrel-macos-x86_64