Last updated on 2024-07-01 03:49:05 CEST.
Flavor | Version | Tinstall | Tcheck | Ttotal | Status | Flags |
---|---|---|---|---|---|---|
r-devel-linux-x86_64-debian-clang | 0.2.3 | 16.82 | 155.86 | 172.68 | NOTE | |
r-devel-linux-x86_64-debian-gcc | 0.2.3 | 14.28 | 115.08 | 129.36 | NOTE | |
r-devel-linux-x86_64-fedora-clang | 0.2.3 | 218.50 | NOTE | |||
r-devel-linux-x86_64-fedora-gcc | 0.2.3 | 217.99 | NOTE | |||
r-devel-windows-x86_64 | 0.2.3 | 14.00 | 110.00 | 124.00 | NOTE | |
r-patched-linux-x86_64 | 0.2.3 | 15.66 | 145.91 | 161.57 | NOTE | |
r-release-linux-x86_64 | 0.2.3 | 17.50 | 145.35 | 162.85 | NOTE | |
r-release-macos-arm64 | 0.2.3 | 62.00 | NOTE | |||
r-release-macos-x86_64 | 0.2.3 | 88.00 | NOTE | |||
r-release-windows-x86_64 | 0.2.3 | 14.00 | 109.00 | 123.00 | NOTE | |
r-oldrel-macos-arm64 | 0.2.3 | 66.00 | NOTE | |||
r-oldrel-macos-x86_64 | 0.2.3 | 109.00 | NOTE | |||
r-oldrel-windows-x86_64 | 0.2.3 | 19.00 | 135.00 | 154.00 | NOTE |
Version: 0.2.3
Check: LazyData
Result: NOTE
'LazyData' is specified without a 'data' directory
Flavors: r-devel-linux-x86_64-debian-clang, r-devel-linux-x86_64-debian-gcc, r-devel-linux-x86_64-fedora-clang, r-devel-linux-x86_64-fedora-gcc, r-devel-windows-x86_64, r-patched-linux-x86_64, r-release-linux-x86_64, r-release-macos-arm64, r-release-macos-x86_64, r-release-windows-x86_64, r-oldrel-macos-arm64, r-oldrel-macos-x86_64, r-oldrel-windows-x86_64