Last updated on 2024-07-01 03:49:05 CEST.
Flavor | Version | Tinstall | Tcheck | Ttotal | Status | Flags |
---|---|---|---|---|---|---|
r-devel-linux-x86_64-debian-clang | 0.20.1 | 31.40 | 600.51 | 631.91 | OK | |
r-devel-linux-x86_64-debian-gcc | 0.20.1 | 26.17 | 438.27 | 464.44 | OK | |
r-devel-linux-x86_64-fedora-clang | 0.20.1 | 763.94 | OK | |||
r-devel-linux-x86_64-fedora-gcc | 0.20.1 | 753.25 | OK | |||
r-devel-windows-x86_64 | 0.20.1 | 27.00 | 326.00 | 353.00 | OK | |
r-patched-linux-x86_64 | 0.20.1 | 34.18 | 555.88 | 590.06 | OK | |
r-release-linux-x86_64 | 0.20.1 | 33.27 | 541.04 | 574.31 | NOTE | |
r-release-macos-arm64 | 0.20.1 | 194.00 | OK | |||
r-release-macos-x86_64 | 0.20.1 | 536.00 | OK | |||
r-release-windows-x86_64 | 0.20.1 | 29.00 | 329.00 | 358.00 | OK | |
r-oldrel-macos-arm64 | 0.20.1 | 188.00 | OK | |||
r-oldrel-macos-x86_64 | 0.20.1 | 502.00 | OK | |||
r-oldrel-windows-x86_64 | 0.20.1 | 32.00 | 453.00 | 485.00 | OK |
Version: 0.20.1
Check: package dependencies
Result: NOTE
Packages suggested but not available for checking: 'blavaan', 'metaBMA'
Flavor: r-release-linux-x86_64