Last updated on 2024-07-01 03:49:05 CEST.
Flavor | Version | Tinstall | Tcheck | Ttotal | Status | Flags |
---|---|---|---|---|---|---|
r-devel-linux-x86_64-debian-clang | 1.1.1 | 3.58 | 50.01 | 53.59 | OK | |
r-devel-linux-x86_64-debian-gcc | 1.1.1 | 2.55 | 38.47 | 41.02 | OK | |
r-devel-linux-x86_64-fedora-clang | 1.1.1 | 65.94 | NOTE | |||
r-devel-linux-x86_64-fedora-gcc | 1.1.1 | 66.02 | NOTE | |||
r-devel-windows-x86_64 | 1.1.1 | 4.00 | 71.00 | 75.00 | OK | |
r-patched-linux-x86_64 | 1.1.1 | 2.68 | 48.56 | 51.24 | OK | |
r-release-linux-x86_64 | 1.1.1 | 2.78 | 48.57 | 51.35 | OK | |
r-release-macos-arm64 | 1.1.1 | 24.00 | OK | |||
r-release-macos-x86_64 | 1.1.1 | 35.00 | OK | |||
r-release-windows-x86_64 | 1.1.1 | 4.00 | 73.00 | 77.00 | OK | |
r-oldrel-macos-arm64 | 1.1.1 | 32.00 | OK | |||
r-oldrel-macos-x86_64 | 1.1.1 | 53.00 | OK | |||
r-oldrel-windows-x86_64 | 1.1.1 | 5.00 | 77.00 | 82.00 | OK |
Version: 1.1.1
Check: Rd cross-references
Result: NOTE
Undeclared package ‘chromote’ in Rd xrefs
Flavor: r-devel-linux-x86_64-fedora-clang
Version: 1.1.1
Check: data for non-ASCII characters
Result: NOTE
Note: found 9 marked UTF-8 strings
Flavors: r-devel-linux-x86_64-fedora-clang, r-devel-linux-x86_64-fedora-gcc