Last updated on 2024-07-01 03:49:05 CEST.
Flavor | Version | Tinstall | Tcheck | Ttotal | Status | Flags |
---|---|---|---|---|---|---|
r-devel-linux-x86_64-debian-clang | 3.3.3 | 15.17 | 387.17 | 402.34 | OK | |
r-devel-linux-x86_64-debian-gcc | 3.3.3 | 11.79 | 284.42 | 296.21 | OK | |
r-devel-linux-x86_64-fedora-clang | 3.3.3 | 524.72 | NOTE | |||
r-devel-linux-x86_64-fedora-gcc | 3.3.3 | 494.29 | OK | |||
r-devel-windows-x86_64 | 3.3.3 | 14.00 | 282.00 | 296.00 | NOTE | |
r-patched-linux-x86_64 | 3.3.3 | 15.61 | 376.20 | 391.81 | OK | |
r-release-linux-x86_64 | 3.3.3 | 10.23 | 366.93 | 377.16 | OK | |
r-release-macos-arm64 | 3.3.3 | 146.00 | NOTE | |||
r-release-macos-x86_64 | 3.3.3 | 363.00 | NOTE | |||
r-release-windows-x86_64 | 3.3.3 | 15.00 | 286.00 | 301.00 | NOTE | |
r-oldrel-macos-arm64 | 3.3.3 | 175.00 | NOTE | |||
r-oldrel-macos-x86_64 | 3.3.3 | 337.00 | NOTE | |||
r-oldrel-windows-x86_64 | 3.3.3 | 19.00 | 375.00 | 394.00 | NOTE |
Version: 3.3.3
Check: installed package size
Result: NOTE
installed size is 10.2Mb
sub-directories of 1Mb or more:
doc 9.7Mb
Flavors: r-devel-linux-x86_64-fedora-clang, r-devel-windows-x86_64, r-release-macos-arm64, r-release-macos-x86_64, r-release-windows-x86_64, r-oldrel-macos-arm64, r-oldrel-macos-x86_64, r-oldrel-windows-x86_64
Version: 3.3.3
Check: Rd cross-references
Result: NOTE
Undeclared package ‘DT’ in Rd xrefs
Flavor: r-devel-linux-x86_64-fedora-clang