Last updated on 2024-07-01 03:49:05 CEST.
Flavor | Version | Tinstall | Tcheck | Ttotal | Status | Flags |
---|---|---|---|---|---|---|
r-devel-linux-x86_64-debian-clang | 1.0.2 | 58.95 | 161.56 | 220.51 | OK | |
r-devel-linux-x86_64-debian-gcc | 1.0.2 | 51.81 | 121.65 | 173.46 | OK | |
r-devel-linux-x86_64-fedora-clang | 1.0.2 | 292.73 | NOTE | |||
r-devel-linux-x86_64-fedora-gcc | 1.0.2 | 299.67 | NOTE | |||
r-devel-windows-x86_64 | 1.0.2 | 56.00 | 132.00 | 188.00 | NOTE | |
r-patched-linux-x86_64 | 1.0.2 | 42.41 | 152.82 | 195.23 | OK | |
r-release-linux-x86_64 | 1.0.2 | 48.77 | 152.60 | 201.37 | OK | |
r-release-macos-arm64 | 1.0.2 | 106.00 | NOTE | |||
r-release-macos-x86_64 | 1.0.2 | 260.00 | NOTE | |||
r-release-windows-x86_64 | 1.0.2 | 49.00 | 150.00 | 199.00 | NOTE | |
r-oldrel-macos-arm64 | 1.0.2 | 113.00 | NOTE | |||
r-oldrel-macos-x86_64 | 1.0.2 | 203.00 | NOTE | |||
r-oldrel-windows-x86_64 | 1.0.2 | 71.00 | 162.00 | 233.00 | NOTE |
Version: 1.0.2
Check: installed package size
Result: NOTE
installed size is 6.2Mb
sub-directories of 1Mb or more:
R 5.6Mb
Flavors: r-devel-linux-x86_64-fedora-clang, r-devel-windows-x86_64, r-release-macos-arm64, r-release-macos-x86_64, r-release-windows-x86_64, r-oldrel-macos-arm64, r-oldrel-macos-x86_64, r-oldrel-windows-x86_64
Version: 1.0.2
Check: data for non-ASCII characters
Result: NOTE
Note: found 24 marked UTF-8 strings
Flavors: r-devel-linux-x86_64-fedora-clang, r-devel-linux-x86_64-fedora-gcc