Last updated on 2024-07-01 03:49:05 CEST.
Flavor | Version | Tinstall | Tcheck | Ttotal | Status | Flags |
---|---|---|---|---|---|---|
r-devel-linux-x86_64-debian-clang | 1.5 | 10.71 | 85.78 | 96.49 | OK | |
r-devel-linux-x86_64-debian-gcc | 1.5 | 7.73 | 63.74 | 71.47 | OK | |
r-devel-linux-x86_64-fedora-clang | 1.5 | 124.44 | OK | |||
r-devel-linux-x86_64-fedora-gcc | 1.5 | 112.17 | OK | |||
r-devel-windows-x86_64 | 1.5 | 8.00 | 82.00 | 90.00 | OK | |
r-patched-linux-x86_64 | 1.5 | 10.45 | 81.38 | 91.83 | NOTE | |
r-release-linux-x86_64 | 1.5 | 7.09 | 81.13 | 88.22 | OK | |
r-release-macos-arm64 | 1.5 | 35.00 | NOTE | |||
r-release-macos-x86_64 | 1.5 | 54.00 | NOTE | |||
r-release-windows-x86_64 | 1.5 | 9.00 | 82.00 | 91.00 | OK | |
r-oldrel-macos-arm64 | 1.5 | 43.00 | NOTE | |||
r-oldrel-macos-x86_64 | 1.5 | 75.00 | NOTE | |||
r-oldrel-windows-x86_64 | 1.5 | 11.00 | 103.00 | 114.00 | OK |
Version: 1.5
Check: package dependencies
Result: NOTE
Package suggested but not available for checking: ‘frailtypack’
Flavor: r-patched-linux-x86_64
Version: 1.5
Check: package dependencies
Result: NOTE
Package suggested but not available for checking: ‘mixAK’
Flavors: r-release-macos-arm64, r-oldrel-macos-arm64, r-oldrel-macos-x86_64
Version: 1.5
Check: package dependencies
Result: NOTE
Packages suggested but not available for checking: 'mixAK', 'frailtypack'
Flavor: r-release-macos-x86_64