Last updated on 2024-07-01 03:49:05 CEST.
Flavor | Version | Tinstall | Tcheck | Ttotal | Status | Flags |
---|---|---|---|---|---|---|
r-devel-linux-x86_64-debian-clang | 2.0-4 | 17.72 | 99.65 | 117.37 | NOTE | |
r-devel-linux-x86_64-debian-gcc | 2.0-4 | 11.84 | 71.73 | 83.57 | NOTE | |
r-devel-linux-x86_64-fedora-clang | 2.0-4 | 148.22 | NOTE | |||
r-devel-linux-x86_64-fedora-gcc | 2.0-4 | 134.38 | NOTE | |||
r-devel-windows-x86_64 | 2.0-4 | 17.00 | 98.00 | 115.00 | NOTE | |
r-patched-linux-x86_64 | 2.0-4 | 15.39 | 93.04 | 108.43 | NOTE | |
r-release-linux-x86_64 | 2.0-4 | 13.61 | 93.05 | 106.66 | NOTE | |
r-release-macos-arm64 | 2.0-4 | 40.00 | NOTE | |||
r-release-macos-x86_64 | 2.0-4 | 71.00 | NOTE | |||
r-release-windows-x86_64 | 2.0-4 | 16.00 | 99.00 | 115.00 | NOTE | |
r-oldrel-macos-arm64 | 2.0-4 | 50.00 | OK | |||
r-oldrel-macos-x86_64 | 2.0-4 | 79.00 | OK | |||
r-oldrel-windows-x86_64 | 2.0-4 | 22.00 | 115.00 | 137.00 | OK |
Version: 2.0-4
Check: Rd files
Result: NOTE
checkRd: (-1) betaS1lr.Rd:28: Lost braces; missing escapes or markup?
28 | \item{Rm1U}{matrix R^{-1}U (see reference).}
| ^
checkRd: (-1) lrsmoother.Rd:32: Lost braces; missing escapes or markup?
32 | R^{-1}U (see reference) and \link{smoothCon} for the definition of smoothobject}
| ^
Flavors: r-devel-linux-x86_64-debian-clang, r-devel-linux-x86_64-debian-gcc, r-devel-linux-x86_64-fedora-clang, r-devel-linux-x86_64-fedora-gcc, r-devel-windows-x86_64, r-patched-linux-x86_64, r-release-linux-x86_64, r-release-macos-arm64, r-release-macos-x86_64, r-release-windows-x86_64