Last updated on 2024-07-01 03:49:05 CEST.
Flavor | Version | Tinstall | Tcheck | Ttotal | Status | Flags |
---|---|---|---|---|---|---|
r-devel-linux-x86_64-debian-clang | 1.0.0 | 21.61 | 28.83 | 50.44 | NOTE | |
r-devel-linux-x86_64-debian-gcc | 1.0.0 | 14.35 | 22.44 | 36.79 | NOTE | |
r-devel-linux-x86_64-fedora-clang | 1.0.0 | 72.81 | NOTE | |||
r-devel-linux-x86_64-fedora-gcc | 1.0.0 | 66.71 | NOTE | |||
r-devel-windows-x86_64 | 1.0.0 | 18.00 | 60.00 | 78.00 | NOTE | |
r-patched-linux-x86_64 | 1.0.0 | 16.75 | 26.78 | 43.53 | NOTE | |
r-release-linux-x86_64 | 1.0.0 | 17.88 | 26.49 | 44.37 | NOTE | |
r-release-macos-arm64 | 1.0.0 | 20.00 | NOTE | |||
r-release-macos-x86_64 | 1.0.0 | 29.00 | NOTE | |||
r-release-windows-x86_64 | 1.0.0 | 17.00 | 56.00 | 73.00 | NOTE | |
r-oldrel-macos-arm64 | 1.0.0 | 24.00 | NOTE | |||
r-oldrel-macos-x86_64 | 1.0.0 | 33.00 | NOTE | |||
r-oldrel-windows-x86_64 | 1.0.0 | 20.00 | 69.00 | 89.00 | NOTE |
Version: 1.0.0
Check: LazyData
Result: NOTE
'LazyData' is specified without a 'data' directory
Flavors: r-devel-linux-x86_64-debian-clang, r-devel-linux-x86_64-debian-gcc, r-devel-linux-x86_64-fedora-clang, r-devel-linux-x86_64-fedora-gcc, r-devel-windows-x86_64, r-patched-linux-x86_64, r-release-linux-x86_64, r-release-macos-arm64, r-release-macos-x86_64, r-release-windows-x86_64, r-oldrel-macos-arm64, r-oldrel-macos-x86_64, r-oldrel-windows-x86_64
Version: 1.0.0
Check: compiled code
Result: NOTE
File ‘ibmcraftr/libs/ibmcraftr.so’:
Found no calls to: ‘R_registerRoutines’, ‘R_useDynamicSymbols’
It is good practice to register native routines and to disable symbol
search.
See ‘Writing portable packages’ in the ‘Writing R Extensions’ manual.
Flavors: r-devel-linux-x86_64-fedora-clang, r-devel-linux-x86_64-fedora-gcc