Last updated on 2024-07-01 03:49:05 CEST.
Flavor | Version | Tinstall | Tcheck | Ttotal | Status | Flags |
---|---|---|---|---|---|---|
r-devel-linux-x86_64-debian-clang | 0.2.0 | 38.89 | 97.87 | 136.76 | OK | |
r-devel-linux-x86_64-debian-gcc | 0.2.0 | 34.98 | 72.39 | 107.37 | OK | |
r-devel-linux-x86_64-fedora-clang | 0.2.0 | 172.15 | NOTE | |||
r-devel-linux-x86_64-fedora-gcc | 0.2.0 | 171.79 | NOTE | |||
r-devel-windows-x86_64 | 0.2.0 | 33.00 | 84.00 | 117.00 | OK | |
r-patched-linux-x86_64 | 0.2.0 | 37.05 | 93.06 | 130.11 | OK | |
r-release-linux-x86_64 | 0.2.0 | 40.51 | 91.01 | 131.52 | OK | |
r-release-macos-arm64 | 0.2.0 | 51.00 | OK | |||
r-release-macos-x86_64 | 0.2.0 | 77.00 | OK | |||
r-release-windows-x86_64 | 0.2.0 | 34.00 | 86.00 | 120.00 | OK | |
r-oldrel-macos-arm64 | 0.2.0 | 57.00 | OK | |||
r-oldrel-macos-x86_64 | 0.2.0 | 94.00 | OK | |||
r-oldrel-windows-x86_64 | 0.2.0 | 37.00 | 99.00 | 136.00 | OK |
Version: 0.2.0
Check: data for non-ASCII characters
Result: NOTE
Note: found 1058038 marked UTF-8 strings
Flavors: r-devel-linux-x86_64-fedora-clang, r-devel-linux-x86_64-fedora-gcc