Last updated on 2024-07-01 03:49:04 CEST.
Flavor | Version | Tinstall | Tcheck | Ttotal | Status | Flags |
---|---|---|---|---|---|---|
r-devel-linux-x86_64-debian-clang | 1.6.15 | 173.58 | 51.63 | 225.21 | NOTE | |
r-devel-linux-x86_64-debian-gcc | 1.6.15 | 115.55 | 38.87 | 154.42 | NOTE | |
r-devel-linux-x86_64-fedora-clang | 1.6.15 | 368.87 | NOTE | |||
r-devel-linux-x86_64-fedora-gcc | 1.6.15 | 363.17 | NOTE | |||
r-devel-windows-x86_64 | 1.6.15 | 201.00 | 87.00 | 288.00 | NOTE | |
r-patched-linux-x86_64 | 1.6.15 | 138.65 | 50.08 | 188.73 | NOTE | |
r-release-linux-x86_64 | 1.6.15 | 147.66 | 48.12 | 195.78 | NOTE | |
r-release-macos-arm64 | 1.6.15 | 137.00 | NOTE | |||
r-release-macos-x86_64 | 1.6.15 | 160.00 | NOTE | |||
r-release-windows-x86_64 | 1.6.15 | 198.00 | 90.00 | 288.00 | NOTE | |
r-oldrel-macos-arm64 | 1.6.15 | 144.00 | NOTE | |||
r-oldrel-macos-x86_64 | 1.6.15 | 179.00 | NOTE | |||
r-oldrel-windows-x86_64 | 1.6.15 | 237.00 | 103.00 | 340.00 | NOTE |
Version: 1.6.15
Check: for GNU extensions in Makefiles
Result: NOTE
GNU make is a SystemRequirements.
Flavors: r-devel-linux-x86_64-debian-clang, r-devel-linux-x86_64-debian-gcc, r-devel-linux-x86_64-fedora-clang, r-devel-linux-x86_64-fedora-gcc, r-devel-windows-x86_64, r-patched-linux-x86_64, r-release-linux-x86_64, r-release-macos-arm64, r-release-macos-x86_64, r-release-windows-x86_64, r-oldrel-macos-arm64, r-oldrel-macos-x86_64, r-oldrel-windows-x86_64
Version: 1.6.15
Check: installed package size
Result: NOTE
installed size is 9.0Mb
sub-directories of 1Mb or more:
libs 8.6Mb
Flavors: r-release-macos-arm64, r-release-macos-x86_64, r-oldrel-macos-arm64, r-oldrel-macos-x86_64