Last updated on 2024-07-01 03:49:04 CEST.
Flavor | Version | Tinstall | Tcheck | Ttotal | Status | Flags |
---|---|---|---|---|---|---|
r-devel-linux-x86_64-debian-clang | 0.11.6 | 49.97 | 134.57 | 184.54 | OK | |
r-devel-linux-x86_64-debian-gcc | 0.11.6 | 38.71 | 102.85 | 141.56 | OK | |
r-devel-linux-x86_64-fedora-clang | 0.11.6 | 245.27 | OK | |||
r-devel-linux-x86_64-fedora-gcc | 0.11.6 | 256.56 | OK | |||
r-devel-windows-x86_64 | 0.11.6 | 39.00 | 134.00 | 173.00 | OK | |
r-patched-linux-x86_64 | 0.11.6 | 32.49 | 129.53 | 162.02 | OK | |
r-release-linux-x86_64 | 0.11.6 | 32.30 | 127.75 | 160.05 | OK | |
r-release-macos-arm64 | 0.11.6 | 72.00 | NOTE | |||
r-release-macos-x86_64 | 0.11.6 | 112.00 | NOTE | |||
r-release-windows-x86_64 | 0.11.6 | 38.00 | 137.00 | 175.00 | OK | |
r-oldrel-macos-arm64 | 0.11.6 | 84.00 | NOTE | |||
r-oldrel-macos-x86_64 | 0.11.6 | 198.00 | NOTE | |||
r-oldrel-windows-x86_64 | 0.11.6 | 50.00 | 163.00 | 213.00 | OK |
Version: 0.11.6
Check: installed package size
Result: NOTE
installed size is 10.3Mb
sub-directories of 1Mb or more:
libs 9.6Mb
Flavors: r-release-macos-arm64, r-release-macos-x86_64, r-oldrel-macos-arm64, r-oldrel-macos-x86_64