Last updated on 2024-07-01 03:49:04 CEST.
Flavor | Version | Tinstall | Tcheck | Ttotal | Status | Flags |
---|---|---|---|---|---|---|
r-devel-linux-x86_64-debian-clang | 1.4.9 | 16.19 | 139.42 | 155.61 | NOTE | |
r-devel-linux-x86_64-debian-gcc | 1.4.9 | 12.24 | 101.58 | 113.82 | NOTE | |
r-devel-linux-x86_64-fedora-clang | 1.4.9 | 186.95 | OK | |||
r-devel-linux-x86_64-fedora-gcc | 1.4.9 | 177.55 | OK | |||
r-devel-windows-x86_64 | 1.4.9 | 13.00 | 113.00 | 126.00 | OK | |
r-patched-linux-x86_64 | 1.4.9 | 9.58 | 130.57 | 140.15 | NOTE | |
r-release-linux-x86_64 | 1.4.9 | 10.29 | 129.17 | 139.46 | NOTE | |
r-release-macos-arm64 | 1.4.9 | 52.00 | NOTE | |||
r-release-macos-x86_64 | 1.4.9 | 79.00 | NOTE | |||
r-release-windows-x86_64 | 1.4.9 | 13.00 | 117.00 | 130.00 | OK | |
r-oldrel-macos-arm64 | 1.4.9 | 59.00 | NOTE | |||
r-oldrel-macos-x86_64 | 1.4.9 | 108.00 | NOTE | |||
r-oldrel-windows-x86_64 | 1.4.9 | 17.00 | 143.00 | 160.00 | NOTE |
Version: 1.4.9
Check: package dependencies
Result: NOTE
Package suggested but not available for checking: ‘INLA’
Flavors: r-devel-linux-x86_64-debian-clang, r-devel-linux-x86_64-debian-gcc, r-patched-linux-x86_64, r-release-linux-x86_64, r-release-macos-arm64, r-release-macos-x86_64, r-oldrel-macos-arm64, r-oldrel-macos-x86_64, r-oldrel-windows-x86_64