Last updated on 2024-07-02 15:50:40 CEST.
Flavor | Version | Tinstall | Tcheck | Ttotal | Status | Flags |
---|---|---|---|---|---|---|
r-devel-linux-x86_64-debian-clang | 0.4.9 | 5.62 | 60.91 | 66.53 | NOTE | |
r-devel-linux-x86_64-debian-gcc | 0.4.9 | 6.20 | 45.77 | 51.97 | NOTE | |
r-devel-linux-x86_64-fedora-clang | 0.4.9 | 87.50 | NOTE | |||
r-devel-linux-x86_64-fedora-gcc | 0.4.9 | 80.32 | NOTE | |||
r-devel-windows-x86_64 | 0.4.9 | 9.00 | 64.00 | 73.00 | NOTE | |
r-patched-linux-x86_64 | 0.4.9 | 7.41 | 57.61 | 65.02 | NOTE | |
r-release-linux-x86_64 | 0.4.9 | 4.75 | 57.80 | 62.55 | NOTE | |
r-release-macos-arm64 | 0.4.9 | 27.00 | NOTE | |||
r-release-macos-x86_64 | 0.4.9 | 43.00 | NOTE | |||
r-release-windows-x86_64 | 0.4.9 | 9.00 | 65.00 | 74.00 | NOTE | |
r-oldrel-macos-arm64 | 0.4.9 | 28.00 | NOTE | |||
r-oldrel-macos-x86_64 | 0.4.9 | 43.00 | NOTE | |||
r-oldrel-windows-x86_64 | 0.4.9 | 10.00 | 74.00 | 84.00 | NOTE |
Version: 0.4.9
Check: LazyData
Result: NOTE
'LazyData' is specified without a 'data' directory
Flavors: r-devel-linux-x86_64-debian-clang, r-devel-linux-x86_64-debian-gcc, r-devel-linux-x86_64-fedora-clang, r-devel-linux-x86_64-fedora-gcc, r-devel-windows-x86_64, r-patched-linux-x86_64, r-release-linux-x86_64, r-release-macos-arm64, r-release-macos-x86_64, r-release-windows-x86_64, r-oldrel-macos-arm64, r-oldrel-macos-x86_64, r-oldrel-windows-x86_64