Last updated on 2024-07-01 03:49:04 CEST.
Flavor | Version | Tinstall | Tcheck | Ttotal | Status | Flags |
---|---|---|---|---|---|---|
r-devel-linux-x86_64-debian-clang | 0.2.0 | 19.89 | 69.23 | 89.12 | NOTE | |
r-devel-linux-x86_64-debian-gcc | 0.2.0 | 15.19 | 52.66 | 67.85 | NOTE | |
r-devel-linux-x86_64-fedora-clang | 0.2.0 | 131.03 | NOTE | |||
r-devel-linux-x86_64-fedora-gcc | 0.2.0 | 125.46 | NOTE | |||
r-devel-windows-x86_64 | 0.2.0 | 21.00 | 76.00 | 97.00 | NOTE | |
r-patched-linux-x86_64 | 0.2.0 | 16.39 | 64.15 | 80.54 | OK | |
r-release-linux-x86_64 | 0.2.0 | 18.31 | 65.49 | 83.80 | OK | |
r-release-macos-arm64 | 0.2.0 | 38.00 | OK | |||
r-release-macos-x86_64 | 0.2.0 | 57.00 | OK | |||
r-release-windows-x86_64 | 0.2.0 | 22.00 | 76.00 | 98.00 | OK | |
r-oldrel-macos-arm64 | 0.2.0 | 45.00 | OK | |||
r-oldrel-macos-x86_64 | 0.2.0 | 86.00 | OK | |||
r-oldrel-windows-x86_64 | 0.2.0 | 25.00 | 87.00 | 112.00 | OK |
Version: 0.2.0
Check: compiled code
Result: NOTE
File ‘heumilkr/libs/heumilkr.so’:
Found non-API calls to R: ‘SETLENGTH’, ‘SET_GROWABLE_BIT’,
‘SET_TRUELENGTH’
Compiled code should not call non-API entry points in R.
See ‘Writing portable packages’ in the ‘Writing R Extensions’ manual.
See section ‘Moving into C API compliance’ in the ‘Writing R
Extensions’ manual for issues with use of non-API entry points.
Flavors: r-devel-linux-x86_64-debian-clang, r-devel-linux-x86_64-debian-gcc, r-devel-linux-x86_64-fedora-gcc
Version: 0.2.0
Check: compiled code
Result: NOTE
File ‘heumilkr/libs/heumilkr.so’:
Found non-API calls to R: ‘SETLENGTH’, ‘SET_GROWABLE_BIT’,
‘SET_TRUELENGTH’
Compiled code should not call non-API entry points in R.
See ‘Writing portable packages’ in the ‘Writing R Extensions’ manual,
and section ‘Moving into C API compliance’ for issues with the use of
non-API entry points.
Flavor: r-devel-linux-x86_64-fedora-clang
Version: 0.2.0
Check: compiled code
Result: NOTE
File 'heumilkr/libs/x64/heumilkr.dll':
Found non-API calls to R: 'SETLENGTH', 'SET_GROWABLE_BIT',
'SET_TRUELENGTH'
Compiled code should not call non-API entry points in R.
See 'Writing portable packages' in the 'Writing R Extensions' manual.
See section 'Moving into C API compliance' in the 'Writing R
Extensions' manual for issues with use of non-API entry points.
Flavor: r-devel-windows-x86_64