Last updated on 2024-07-01 03:49:04 CEST.
Flavor | Version | Tinstall | Tcheck | Ttotal | Status | Flags |
---|---|---|---|---|---|---|
r-devel-linux-x86_64-debian-clang | 1.0.3 | 175.97 | 191.88 | 367.85 | OK | |
r-devel-linux-x86_64-debian-gcc | 1.0.3 | 114.13 | 156.45 | 270.58 | OK | |
r-devel-linux-x86_64-fedora-clang | 1.0.3 | 512.62 | NOTE | |||
r-devel-linux-x86_64-fedora-gcc | 1.0.3 | 557.28 | NOTE | |||
r-devel-windows-x86_64 | 1.0.3 | 131.00 | 202.00 | 333.00 | OK | |
r-patched-linux-x86_64 | 1.0.3 | 143.45 | 208.83 | 352.28 | OK | |
r-release-linux-x86_64 | 1.0.3 | 137.07 | 205.68 | 342.75 | OK | |
r-release-macos-arm64 | 1.0.3 | 116.00 | NOTE | |||
r-release-macos-x86_64 | 1.0.3 | 137.00 | NOTE | |||
r-release-windows-x86_64 | 1.0.3 | 134.00 | 204.00 | 338.00 | OK | |
r-oldrel-macos-arm64 | 1.0.3 | 89.00 | NOTE | |||
r-oldrel-macos-x86_64 | 1.0.3 | 128.00 | NOTE | |||
r-oldrel-windows-x86_64 | 1.0.3 | 162.00 | 226.00 | 388.00 | OK |
Version: 1.0.3
Check: package dependencies
Result: NOTE
Imports includes 24 non-default packages.
Importing from so many packages makes the package vulnerable to any of
them becoming unavailable. Move as many as possible to Suggests and
use conditionally.
Flavor: r-devel-linux-x86_64-fedora-clang
Version: 1.0.3
Check: dependencies in R code
Result: NOTE
Namespaces in Imports field not imported from:
‘MCMCpack’ ‘ggjoy’ ‘isotone’ ‘png’ ‘questionr’ ‘rprojroot’
‘tidyverse’
All declared Imports should be used.
Flavors: r-devel-linux-x86_64-fedora-clang, r-devel-linux-x86_64-fedora-gcc
Version: 1.0.3
Check: installed package size
Result: NOTE
installed size is 7.5Mb
sub-directories of 1Mb or more:
libs 6.7Mb
Flavors: r-release-macos-arm64, r-release-macos-x86_64, r-oldrel-macos-arm64, r-oldrel-macos-x86_64