Last updated on 2024-07-01 03:49:04 CEST.
Flavor | Version | Tinstall | Tcheck | Ttotal | Status | Flags |
---|---|---|---|---|---|---|
r-devel-linux-x86_64-debian-clang | 0.6.0 | 3.61 | 51.91 | 55.52 | OK | |
r-devel-linux-x86_64-debian-gcc | 0.6.0 | 3.58 | 39.01 | 42.59 | OK | |
r-devel-linux-x86_64-fedora-clang | 0.6.0 | 71.81 | NOTE | |||
r-devel-linux-x86_64-fedora-gcc | 0.6.0 | 83.97 | OK | |||
r-devel-windows-x86_64 | 0.6.0 | 6.00 | 69.00 | 75.00 | NOTE | |
r-patched-linux-x86_64 | 0.6.0 | 4.56 | 49.94 | 54.50 | OK | |
r-release-linux-x86_64 | 0.6.0 | 4.01 | 49.68 | 53.69 | OK | |
r-release-macos-arm64 | 0.6.0 | 33.00 | NOTE | |||
r-release-macos-x86_64 | 0.6.0 | 53.00 | NOTE | |||
r-release-windows-x86_64 | 0.6.0 | 6.00 | 69.00 | 75.00 | NOTE | |
r-oldrel-macos-arm64 | 0.6.0 | 41.00 | NOTE | |||
r-oldrel-macos-x86_64 | 0.6.0 | 80.00 | NOTE | |||
r-oldrel-windows-x86_64 | 0.6.0 | 7.00 | 73.00 | 80.00 | NOTE |
Version: 0.6.0
Check: installed package size
Result: NOTE
installed size is 5.2Mb
sub-directories of 1Mb or more:
doc 4.8Mb
Flavors: r-devel-linux-x86_64-fedora-clang, r-devel-windows-x86_64, r-release-macos-arm64, r-release-macos-x86_64, r-release-windows-x86_64, r-oldrel-macos-arm64, r-oldrel-macos-x86_64, r-oldrel-windows-x86_64