Last updated on 2024-07-01 03:49:04 CEST.
Flavor | Version | Tinstall | Tcheck | Ttotal | Status | Flags |
---|---|---|---|---|---|---|
r-devel-linux-x86_64-debian-clang | 1.0.3 | 164.97 | 111.45 | 276.42 | OK | |
r-devel-linux-x86_64-debian-gcc | 1.0.3 | 113.26 | 78.00 | 191.26 | OK | |
r-devel-linux-x86_64-fedora-clang | 1.0.3 | 399.68 | OK | |||
r-devel-linux-x86_64-fedora-gcc | 1.0.3 | 425.98 | OK | |||
r-devel-windows-x86_64 | 1.0.3 | 123.00 | 125.00 | 248.00 | OK | |
r-patched-linux-x86_64 | 1.0.3 | 132.70 | 105.25 | 237.95 | OK | |
r-release-linux-x86_64 | 1.0.3 | 128.53 | 104.80 | 233.33 | OK | |
r-release-macos-arm64 | 1.0.3 | 83.00 | NOTE | |||
r-release-macos-x86_64 | 1.0.3 | 96.00 | NOTE | |||
r-release-windows-x86_64 | 1.0.3 | 120.00 | 128.00 | 248.00 | OK | |
r-oldrel-macos-arm64 | 1.0.3 | 91.00 | NOTE | |||
r-oldrel-macos-x86_64 | 1.0.3 | 124.00 | NOTE | |||
r-oldrel-windows-x86_64 | 1.0.3 | 147.00 | 148.00 | 295.00 | OK |
Version: 1.0.3
Check: installed package size
Result: NOTE
installed size is 11.9Mb
sub-directories of 1Mb or more:
libs 11.4Mb
Flavors: r-release-macos-arm64, r-release-macos-x86_64, r-oldrel-macos-arm64, r-oldrel-macos-x86_64