Last updated on 2024-07-01 03:49:04 CEST.
Flavor | Version | Tinstall | Tcheck | Ttotal | Status | Flags |
---|---|---|---|---|---|---|
r-devel-linux-x86_64-debian-clang | 0.0-4 | 35.74 | 27.83 | 63.57 | OK | |
r-devel-linux-x86_64-debian-gcc | 0.0-4 | 27.96 | 21.42 | 49.38 | OK | |
r-devel-linux-x86_64-fedora-clang | 0.0-4 | 99.05 | NOTE | |||
r-devel-linux-x86_64-fedora-gcc | 0.0-4 | 94.53 | NOTE | |||
r-devel-windows-x86_64 | 0.0-4 | 32.00 | 60.00 | 92.00 | OK | |
r-patched-linux-x86_64 | 0.0-4 | 34.08 | 26.71 | 60.79 | OK | |
r-release-linux-x86_64 | 0.0-4 | 34.21 | 27.69 | 61.90 | OK | |
r-release-macos-arm64 | 0.0-4 | 24.00 | OK | |||
r-release-macos-x86_64 | 0.0-4 | 34.00 | OK | |||
r-release-windows-x86_64 | 0.0-4 | 33.00 | 62.00 | 95.00 | OK | |
r-oldrel-macos-arm64 | 0.0-4 | 29.00 | OK | |||
r-oldrel-macos-x86_64 | 0.0-4 | 44.00 | OK | |||
r-oldrel-windows-x86_64 | 0.0-4 | 41.00 | 67.00 | 108.00 | OK |
Version: 0.0-4
Check: compiled code
Result: NOTE
File ‘hawkes/libs/hawkes.so’:
Found no calls to: ‘R_registerRoutines’, ‘R_useDynamicSymbols’
It is good practice to register native routines and to disable symbol
search.
See ‘Writing portable packages’ in the ‘Writing R Extensions’ manual.
Flavors: r-devel-linux-x86_64-fedora-clang, r-devel-linux-x86_64-fedora-gcc