Last updated on 2024-07-01 03:49:04 CEST.
Flavor | Version | Tinstall | Tcheck | Ttotal | Status | Flags |
---|---|---|---|---|---|---|
r-devel-linux-x86_64-debian-clang | 1.0.0 | 89.64 | 93.66 | 183.30 | OK | |
r-devel-linux-x86_64-debian-gcc | 1.0.0 | 62.41 | 71.57 | 133.98 | OK | |
r-devel-linux-x86_64-fedora-clang | 1.0.0 | 253.45 | OK | |||
r-devel-linux-x86_64-fedora-gcc | 1.0.0 | 246.22 | OK | |||
r-devel-windows-x86_64 | 1.0.0 | 74.00 | 113.00 | 187.00 | OK | |
r-patched-linux-x86_64 | 1.0.0 | 72.32 | 92.48 | 164.80 | OK | |
r-release-linux-x86_64 | 1.0.0 | 51.68 | 92.44 | 144.12 | OK | |
r-release-macos-arm64 | 1.0.0 | 59.00 | NOTE | |||
r-release-macos-x86_64 | 1.0.0 | 77.00 | NOTE | |||
r-release-windows-x86_64 | 1.0.0 | 73.00 | 114.00 | 187.00 | OK | |
r-oldrel-macos-arm64 | 1.0.0 | 67.00 | NOTE | |||
r-oldrel-macos-x86_64 | 1.0.0 | 100.00 | NOTE | |||
r-oldrel-windows-x86_64 | 1.0.0 | 90.00 | 137.00 | 227.00 | OK |
Version: 1.0.0
Check: installed package size
Result: NOTE
installed size is 5.8Mb
sub-directories of 1Mb or more:
data 3.0Mb
libs 2.5Mb
Flavors: r-release-macos-arm64, r-release-macos-x86_64, r-oldrel-macos-arm64, r-oldrel-macos-x86_64