Last updated on 2024-07-01 03:49:04 CEST.
Flavor | Version | Tinstall | Tcheck | Ttotal | Status | Flags |
---|---|---|---|---|---|---|
r-devel-linux-x86_64-debian-clang | 1.0.5 | 38.91 | 714.46 | 753.37 | OK | |
r-devel-linux-x86_64-debian-gcc | 1.0.5 | 30.06 | 528.02 | 558.08 | OK | |
r-devel-linux-x86_64-fedora-clang | 1.0.5 | 904.37 | NOTE | |||
r-devel-linux-x86_64-fedora-gcc | 1.0.5 | 891.15 | OK | |||
r-devel-windows-x86_64 | 1.0.5 | 29.00 | 458.00 | 487.00 | NOTE | |
r-patched-linux-x86_64 | 1.0.5 | 34.95 | 693.54 | 728.49 | OK | |
r-release-linux-x86_64 | 1.0.5 | 30.74 | 687.66 | 718.40 | OK | |
r-release-macos-arm64 | 1.0.5 | 218.00 | NOTE | |||
r-release-macos-x86_64 | 1.0.5 | 370.00 | NOTE | |||
r-release-windows-x86_64 | 1.0.5 | 26.00 | 468.00 | 494.00 | NOTE | |
r-oldrel-macos-arm64 | 1.0.5 | 221.00 | NOTE | |||
r-oldrel-macos-x86_64 | 1.0.5 | 598.00 | NOTE | |||
r-oldrel-windows-x86_64 | 1.0.5 | 37.00 | 604.00 | 641.00 | NOTE |
Version: 1.0.5
Check: installed package size
Result: NOTE
installed size is 5.2Mb
sub-directories of 1Mb or more:
data 2.8Mb
doc 1.3Mb
Flavors: r-devel-linux-x86_64-fedora-clang, r-devel-windows-x86_64, r-release-macos-arm64, r-release-macos-x86_64, r-release-windows-x86_64, r-oldrel-macos-arm64, r-oldrel-macos-x86_64, r-oldrel-windows-x86_64