Last updated on 2024-07-01 03:49:04 CEST.
Flavor | Version | Tinstall | Tcheck | Ttotal | Status | Flags |
---|---|---|---|---|---|---|
r-devel-linux-x86_64-debian-clang | 0.1.3 | 26.25 | 85.39 | 111.64 | OK | |
r-devel-linux-x86_64-debian-gcc | 0.1.3 | 23.81 | 64.71 | 88.52 | OK | |
r-devel-linux-x86_64-fedora-clang | 0.1.3 | 153.61 | NOTE | |||
r-devel-linux-x86_64-fedora-gcc | 0.1.3 | 157.74 | NOTE | |||
r-devel-windows-x86_64 | 0.1.3 | 27.00 | 93.00 | 120.00 | OK | |
r-patched-linux-x86_64 | 0.1.3 | 23.84 | 80.47 | 104.31 | OK | |
r-release-linux-x86_64 | 0.1.3 | 18.99 | 82.50 | 101.49 | OK | |
r-release-macos-arm64 | 0.1.3 | 44.00 | OK | |||
r-release-macos-x86_64 | 0.1.3 | 71.00 | OK | |||
r-release-windows-x86_64 | 0.1.3 | 27.00 | 92.00 | 119.00 | OK | |
r-oldrel-macos-arm64 | 0.1.3 | 43.00 | OK | |||
r-oldrel-macos-x86_64 | 0.1.3 | 69.00 | OK | |||
r-oldrel-windows-x86_64 | 0.1.3 | 36.00 | 113.00 | 149.00 | OK |
Version: 0.1.3
Check: dependencies in R code
Result: NOTE
Namespaces in Imports field not imported from:
‘DT’ ‘attempt’ ‘corpcor’ ‘glue’ ‘htmltools’ ‘pkgload’ ‘processx’
‘tools’
All declared Imports should be used.
Flavors: r-devel-linux-x86_64-fedora-clang, r-devel-linux-x86_64-fedora-gcc