Last updated on 2024-07-01 03:49:04 CEST.
Flavor | Version | Tinstall | Tcheck | Ttotal | Status | Flags |
---|---|---|---|---|---|---|
r-devel-linux-x86_64-debian-clang | 1.2.1 | 68.87 | 124.85 | 193.72 | NOTE | |
r-devel-linux-x86_64-debian-gcc | 1.2.1 | 44.56 | 91.92 | 136.48 | NOTE | |
r-devel-linux-x86_64-fedora-clang | 1.2.1 | 242.54 | NOTE | |||
r-devel-linux-x86_64-fedora-gcc | 1.2.1 | 243.71 | NOTE | |||
r-devel-windows-x86_64 | 1.2.1 | 51.00 | 121.00 | 172.00 | NOTE | |
r-patched-linux-x86_64 | 1.2.1 | 48.53 | 118.12 | 166.65 | NOTE | |
r-release-linux-x86_64 | 1.2.1 | 44.01 | 120.52 | 164.53 | NOTE | |
r-release-macos-arm64 | 1.2.1 | 61.00 | NOTE | |||
r-release-macos-x86_64 | 1.2.1 | 88.00 | NOTE | |||
r-release-windows-x86_64 | 1.2.1 | 50.00 | 119.00 | 169.00 | NOTE | |
r-oldrel-macos-arm64 | 1.2.1 | 68.00 | NOTE | |||
r-oldrel-macos-x86_64 | 1.2.1 | 111.00 | NOTE | |||
r-oldrel-windows-x86_64 | 1.2.1 | 63.00 | 150.00 | 213.00 | NOTE |
Version: 1.2.1
Check: C++ specification
Result: NOTE
Specified C++11: please drop specification unless essential
Flavors: r-devel-linux-x86_64-debian-clang, r-devel-linux-x86_64-debian-gcc, r-devel-linux-x86_64-fedora-clang, r-devel-linux-x86_64-fedora-gcc, r-devel-windows-x86_64, r-patched-linux-x86_64, r-release-linux-x86_64, r-release-macos-arm64, r-release-macos-x86_64, r-release-windows-x86_64, r-oldrel-macos-arm64, r-oldrel-macos-x86_64, r-oldrel-windows-x86_64