Last updated on 2024-07-01 03:49:04 CEST.
Flavor | Version | Tinstall | Tcheck | Ttotal | Status | Flags |
---|---|---|---|---|---|---|
r-devel-linux-x86_64-debian-clang | 0.0.1 | 20.25 | 30.19 | 50.44 | NOTE | |
r-devel-linux-x86_64-debian-gcc | 0.0.1 | 12.61 | 23.18 | 35.79 | NOTE | |
r-devel-linux-x86_64-fedora-clang | 0.0.1 | 69.44 | NOTE | |||
r-devel-linux-x86_64-fedora-gcc | 0.0.1 | 64.50 | NOTE | |||
r-devel-windows-x86_64 | 0.0.1 | 16.00 | 57.00 | 73.00 | NOTE | |
r-patched-linux-x86_64 | 0.0.1 | 15.76 | 29.32 | 45.08 | NOTE | |
r-release-linux-x86_64 | 0.0.1 | 15.41 | 28.92 | 44.33 | NOTE | |
r-release-macos-arm64 | 0.0.1 | 21.00 | NOTE | |||
r-release-macos-x86_64 | 0.0.1 | 28.00 | NOTE | |||
r-release-windows-x86_64 | 0.0.1 | 16.00 | 56.00 | 72.00 | NOTE | |
r-oldrel-macos-arm64 | 0.0.1 | 24.00 | NOTE | |||
r-oldrel-macos-x86_64 | 0.0.1 | 34.00 | NOTE | |||
r-oldrel-windows-x86_64 | 0.0.1 | 19.00 | 64.00 | 83.00 | NOTE |
Version: 0.0.1
Check: LazyData
Result: NOTE
'LazyData' is specified without a 'data' directory
Flavors: r-devel-linux-x86_64-debian-clang, r-devel-linux-x86_64-debian-gcc, r-devel-linux-x86_64-fedora-clang, r-devel-linux-x86_64-fedora-gcc, r-devel-windows-x86_64, r-patched-linux-x86_64, r-release-linux-x86_64, r-release-macos-arm64, r-release-macos-x86_64, r-release-windows-x86_64, r-oldrel-macos-arm64, r-oldrel-macos-x86_64, r-oldrel-windows-x86_64
Version: 0.0.1
Check: Rd cross-references
Result: NOTE
Undeclared package ‘nflfastR’ in Rd xrefs
Flavor: r-devel-linux-x86_64-fedora-clang