Last updated on 2024-07-01 03:49:04 CEST.
Flavor | Version | Tinstall | Tcheck | Ttotal | Status | Flags |
---|---|---|---|---|---|---|
r-devel-linux-x86_64-debian-clang | 0.4.5 | 2.15 | 27.95 | 30.10 | NOTE | |
r-devel-linux-x86_64-debian-gcc | 0.4.5 | 1.51 | 21.99 | 23.50 | NOTE | |
r-devel-linux-x86_64-fedora-clang | 0.4.5 | 37.83 | NOTE | |||
r-devel-linux-x86_64-fedora-gcc | 0.4.5 | 35.16 | NOTE | |||
r-devel-windows-x86_64 | 0.4.5 | 3.00 | 50.00 | 53.00 | NOTE | |
r-patched-linux-x86_64 | 0.4.5 | 1.98 | 27.42 | 29.40 | NOTE | |
r-release-linux-x86_64 | 0.4.5 | 1.84 | 27.26 | 29.10 | NOTE | |
r-release-macos-arm64 | 0.4.5 | 32.00 | OK | |||
r-release-macos-x86_64 | 0.4.5 | 37.00 | OK | |||
r-release-windows-x86_64 | 0.4.5 | 3.00 | 49.00 | 52.00 | NOTE | |
r-oldrel-macos-arm64 | 0.4.5 | 30.00 | OK | |||
r-oldrel-macos-x86_64 | 0.4.5 | 33.00 | OK | |||
r-oldrel-windows-x86_64 | 0.4.5 | 3.00 | 53.00 | 56.00 | OK |
Version: 0.4.5
Check: HTML version of manual
Result: NOTE
Found the following HTML validation problems:
gsheet2tbl.html:31:5 (gsheet2tbl.Rd:20): Warning: trimming empty <p>
gsheet2tbl.html:31:1 (gsheet2tbl.Rd:20): Warning: trimming empty <li>
Flavors: r-devel-linux-x86_64-debian-clang, r-devel-linux-x86_64-debian-gcc, r-devel-linux-x86_64-fedora-clang, r-devel-linux-x86_64-fedora-gcc, r-devel-windows-x86_64, r-patched-linux-x86_64, r-release-linux-x86_64, r-release-windows-x86_64