Last updated on 2024-07-01 03:49:04 CEST.
Flavor | Version | Tinstall | Tcheck | Ttotal | Status | Flags |
---|---|---|---|---|---|---|
r-devel-linux-x86_64-debian-clang | 0.2.1 | 4.64 | 47.17 | 51.81 | NOTE | |
r-devel-linux-x86_64-debian-gcc | 0.2.1 | 3.47 | 36.42 | 39.89 | NOTE | |
r-devel-linux-x86_64-fedora-clang | 0.2.1 | 64.23 | NOTE | |||
r-devel-linux-x86_64-fedora-gcc | 0.2.1 | 61.58 | NOTE | |||
r-devel-windows-x86_64 | 0.2.1 | 4.00 | 63.00 | 67.00 | NOTE | |
r-patched-linux-x86_64 | 0.2.1 | 5.99 | 44.67 | 50.66 | NOTE | |
r-release-linux-x86_64 | 0.2.1 | 3.66 | 44.69 | 48.35 | NOTE | |
r-release-macos-arm64 | 0.2.1 | 21.00 | NOTE | |||
r-release-macos-x86_64 | 0.2.1 | 33.00 | NOTE | |||
r-release-windows-x86_64 | 0.2.1 | 4.00 | 64.00 | 68.00 | NOTE | |
r-oldrel-macos-arm64 | 0.2.1 | 23.00 | OK | |||
r-oldrel-macos-x86_64 | 0.2.1 | 32.00 | OK | |||
r-oldrel-windows-x86_64 | 0.2.1 | 4.00 | 70.00 | 74.00 | OK |
Version: 0.2.1
Check: Rd files
Result: NOTE
checkRd: (-1) qdb.p.correct.Rd:14: Lost braces; missing escapes or markup?
14 | \item{refpts}{a numeric vector used as a reference point to determine the correct side of the \code{qdb} for classifying \code{x}. The \code{length(refpts)} should be equal to {ncol(x)}. Default to \code{colMeans(x)}. }
| ^
Flavors: r-devel-linux-x86_64-debian-clang, r-devel-linux-x86_64-debian-gcc, r-devel-linux-x86_64-fedora-clang, r-devel-linux-x86_64-fedora-gcc, r-devel-windows-x86_64, r-patched-linux-x86_64, r-release-linux-x86_64, r-release-macos-arm64, r-release-macos-x86_64, r-release-windows-x86_64