Last updated on 2024-07-01 03:49:04 CEST.
Flavor | Version | Tinstall | Tcheck | Ttotal | Status | Flags |
---|---|---|---|---|---|---|
r-devel-linux-x86_64-debian-clang | 0.8.4 | 8.68 | 89.11 | 97.79 | NOTE | |
r-devel-linux-x86_64-debian-gcc | 0.8.4 | 5.93 | 67.27 | 73.20 | NOTE | |
r-devel-linux-x86_64-fedora-clang | 0.8.4 | 123.91 | NOTE | |||
r-devel-linux-x86_64-fedora-gcc | 0.8.4 | 131.56 | NOTE | |||
r-devel-windows-x86_64 | 0.8.4 | 10.00 | 107.00 | 117.00 | NOTE | |
r-patched-linux-x86_64 | 0.8.4 | 11.96 | 86.31 | 98.27 | NOTE | |
r-release-linux-x86_64 | 0.8.4 | 7.16 | 86.33 | 93.49 | NOTE | |
r-release-macos-arm64 | 0.8.4 | 48.00 | NOTE | |||
r-release-macos-x86_64 | 0.8.4 | 81.00 | NOTE | |||
r-release-windows-x86_64 | 0.8.4 | 10.00 | 106.00 | 116.00 | NOTE | |
r-oldrel-macos-arm64 | 0.8.4 | 49.00 | OK | |||
r-oldrel-macos-x86_64 | 0.8.4 | 88.00 | OK | |||
r-oldrel-windows-x86_64 | 0.8.4 | 11.00 | 128.00 | 139.00 | OK |
Version: 0.8.4
Check: Rd files
Result: NOTE
checkRd: (-1) predict.Rd:30: Lost braces
30 | resp. code{'exponential'} or \code{'no_lag'} for \code{fit_easylinear}.}
| ^
Flavors: r-devel-linux-x86_64-debian-clang, r-devel-linux-x86_64-debian-gcc, r-devel-linux-x86_64-fedora-clang, r-devel-linux-x86_64-fedora-gcc, r-devel-windows-x86_64, r-patched-linux-x86_64, r-release-linux-x86_64, r-release-macos-arm64, r-release-macos-x86_64, r-release-windows-x86_64