Last updated on 2024-07-01 03:49:04 CEST.
Flavor | Version | Tinstall | Tcheck | Ttotal | Status | Flags |
---|---|---|---|---|---|---|
r-devel-linux-x86_64-debian-clang | 0.3.2 | 16.92 | 155.83 | 172.75 | OK | |
r-devel-linux-x86_64-debian-gcc | 0.3.2 | 14.16 | 115.21 | 129.37 | OK | |
r-devel-linux-x86_64-fedora-clang | 0.3.2 | 212.58 | NOTE | |||
r-devel-linux-x86_64-fedora-gcc | 0.3.2 | 223.00 | OK | |||
r-devel-windows-x86_64 | 0.3.2 | 16.00 | 377.00 | 393.00 | OK | |
r-patched-linux-x86_64 | 0.3.2 | 17.04 | 145.77 | 162.81 | OK | |
r-release-linux-x86_64 | 0.3.2 | 16.84 | 151.27 | 168.11 | OK | |
r-release-macos-arm64 | 0.3.2 | 190.00 | OK | |||
r-release-macos-x86_64 | 0.3.2 | 268.00 | OK | |||
r-release-windows-x86_64 | 0.3.2 | 15.00 | 379.00 | 394.00 | OK | |
r-oldrel-macos-arm64 | 0.3.2 | 195.00 | OK | |||
r-oldrel-macos-x86_64 | 0.3.2 | 470.00 | OK | |||
r-oldrel-windows-x86_64 | 0.3.2 | 21.00 | 492.00 | 513.00 | OK |
Version: 0.3.2
Check: Rd cross-references
Result: NOTE
Undeclared package ‘glasso’ in Rd xrefs
Flavor: r-devel-linux-x86_64-fedora-clang