Last updated on 2024-07-01 03:49:04 CEST.
Flavor | Version | Tinstall | Tcheck | Ttotal | Status | Flags |
---|---|---|---|---|---|---|
r-devel-linux-x86_64-debian-clang | 1.8.0 | 18.74 | 216.34 | 235.08 | OK | |
r-devel-linux-x86_64-debian-gcc | 1.8.0 | 12.02 | 158.36 | 170.38 | OK | |
r-devel-linux-x86_64-fedora-clang | 1.8.0 | 294.08 | NOTE | |||
r-devel-linux-x86_64-fedora-gcc | 1.8.0 | 291.89 | NOTE | |||
r-devel-windows-x86_64 | 1.8.0 | 17.00 | 181.00 | 198.00 | OK | |
r-patched-linux-x86_64 | 1.8.0 | 13.08 | 209.52 | 222.60 | OK | |
r-release-linux-x86_64 | 1.8.0 | 10.02 | 206.14 | 216.16 | OK | |
r-release-macos-arm64 | 1.8.0 | 84.00 | OK | |||
r-release-macos-x86_64 | 1.8.0 | 127.00 | OK | |||
r-release-windows-x86_64 | 1.8.0 | 16.00 | 189.00 | 205.00 | OK | |
r-oldrel-macos-arm64 | 1.8.0 | 84.00 | OK | |||
r-oldrel-macos-x86_64 | 1.8.0 | 138.00 | OK | |||
r-oldrel-windows-x86_64 | 1.8.0 | 21.00 | 228.00 | 249.00 | OK |
Version: 1.8.0
Check: dependencies in R code
Result: NOTE
Namespace in Imports field not imported from: ‘Rdpack’
All declared Imports should be used.
Flavors: r-devel-linux-x86_64-fedora-clang, r-devel-linux-x86_64-fedora-gcc