Last updated on 2024-07-01 03:49:03 CEST.
Flavor | Version | Tinstall | Tcheck | Ttotal | Status | Flags |
---|---|---|---|---|---|---|
r-devel-linux-x86_64-debian-clang | 0.1.2 | 45.00 | 124.93 | 169.93 | OK | |
r-devel-linux-x86_64-debian-gcc | 0.1.2 | 30.98 | 95.88 | 126.86 | OK | |
r-devel-linux-x86_64-fedora-clang | 0.1.2 | 224.94 | NOTE | |||
r-devel-linux-x86_64-fedora-gcc | 0.1.2 | 215.64 | NOTE | |||
r-devel-windows-x86_64 | 0.1.2 | 37.00 | 130.00 | 167.00 | OK | |
r-patched-linux-x86_64 | 0.1.2 | 29.58 | 120.60 | 150.18 | OK | |
r-release-linux-x86_64 | 0.1.2 | 26.89 | 122.05 | 148.94 | OK | |
r-release-macos-arm64 | 0.1.2 | 58.00 | OK | |||
r-release-macos-x86_64 | 0.1.2 | 88.00 | OK | |||
r-release-windows-x86_64 | 0.1.2 | 35.00 | 130.00 | 165.00 | OK | |
r-oldrel-macos-arm64 | 0.1.2 | 64.00 | OK | |||
r-oldrel-macos-x86_64 | 0.1.2 | 133.00 | OK | |||
r-oldrel-windows-x86_64 | 0.1.2 | 47.00 | 159.00 | 206.00 | OK |
Version: 0.1.2
Check: data for non-ASCII characters
Result: NOTE
Note: found 1352 marked UTF-8 strings
Flavors: r-devel-linux-x86_64-fedora-clang, r-devel-linux-x86_64-fedora-gcc