Last updated on 2024-07-01 03:49:03 CEST.
Flavor | Version | Tinstall | Tcheck | Ttotal | Status | Flags |
---|---|---|---|---|---|---|
r-devel-linux-x86_64-debian-clang | 1.0 | 38.90 | 81.66 | 120.56 | OK | |
r-devel-linux-x86_64-debian-gcc | 1.0 | 29.41 | 60.64 | 90.05 | OK | |
r-devel-linux-x86_64-fedora-clang | 1.0 | 163.17 | OK | |||
r-devel-linux-x86_64-fedora-gcc | 1.0 | 163.05 | OK | |||
r-devel-windows-x86_64 | 1.0 | 33.00 | 101.00 | 134.00 | OK | |
r-patched-linux-x86_64 | 1.0 | 26.04 | 77.11 | 103.15 | OK | |
r-release-linux-x86_64 | 1.0 | 24.96 | 75.24 | 100.20 | OK | |
r-release-macos-arm64 | 1.0 | 43.00 | NOTE | |||
r-release-macos-x86_64 | 1.0 | 64.00 | NOTE | |||
r-release-windows-x86_64 | 1.0 | 34.00 | 99.00 | 133.00 | OK | |
r-oldrel-macos-arm64 | 1.0 | 48.00 | NOTE | |||
r-oldrel-macos-x86_64 | 1.0 | 82.00 | NOTE | |||
r-oldrel-windows-x86_64 | 1.0 | 43.00 | 117.00 | 160.00 | OK |
Version: 1.0
Check: installed package size
Result: NOTE
installed size is 5.6Mb
sub-directories of 1Mb or more:
data 4.2Mb
Flavors: r-release-macos-arm64, r-release-macos-x86_64, r-oldrel-macos-arm64, r-oldrel-macos-x86_64