Last updated on 2024-07-01 03:49:03 CEST.
Flavor | Version | Tinstall | Tcheck | Ttotal | Status | Flags |
---|---|---|---|---|---|---|
r-devel-linux-x86_64-debian-clang | 0.4.0 | 91.84 | 135.48 | 227.32 | OK | |
r-devel-linux-x86_64-debian-gcc | 0.4.0 | 70.92 | 97.68 | 168.60 | OK | |
r-devel-linux-x86_64-fedora-clang | 0.4.0 | 216.23 | OK | |||
r-devel-linux-x86_64-fedora-gcc | 0.4.0 | 331.53 | OK | |||
r-devel-windows-x86_64 | 0.4.0 | 75.00 | 141.00 | 216.00 | OK | |
r-patched-linux-x86_64 | 0.4.0 | 88.68 | 126.62 | 215.30 | OK | |
r-release-linux-x86_64 | 0.4.0 | 82.88 | 126.92 | 209.80 | OK | |
r-release-macos-arm64 | 0.4.0 | 72.00 | NOTE | |||
r-release-macos-x86_64 | 0.4.0 | 106.00 | NOTE | |||
r-release-windows-x86_64 | 0.4.0 | 74.00 | 139.00 | 213.00 | OK | |
r-oldrel-macos-arm64 | 0.4.0 | 77.00 | NOTE | |||
r-oldrel-macos-x86_64 | 0.4.0 | 144.00 | NOTE | |||
r-oldrel-windows-x86_64 | 0.4.0 | 95.00 | 169.00 | 264.00 | OK |
Version: 0.4.0
Check: installed package size
Result: NOTE
installed size is 7.3Mb
sub-directories of 1Mb or more:
libs 6.8Mb
Flavors: r-release-macos-arm64, r-release-macos-x86_64, r-oldrel-macos-arm64, r-oldrel-macos-x86_64