Last updated on 2024-07-01 03:49:03 CEST.
Flavor | Version | Tinstall | Tcheck | Ttotal | Status | Flags |
---|---|---|---|---|---|---|
r-devel-linux-x86_64-debian-clang | 0.2.1 | 48.55 | 30.02 | 78.57 | NOTE | |
r-devel-linux-x86_64-debian-gcc | 0.2.1 | 33.71 | 23.76 | 57.47 | NOTE | |
r-devel-linux-x86_64-fedora-clang | 0.2.1 | 107.17 | NOTE | |||
r-devel-linux-x86_64-fedora-gcc | 0.2.1 | 111.81 | NOTE | |||
r-devel-windows-x86_64 | 0.2.1 | 37.00 | 65.00 | 102.00 | NOTE | |
r-patched-linux-x86_64 | 0.2.1 | 42.48 | 29.26 | 71.74 | NOTE | |
r-release-linux-x86_64 | 0.2.1 | 39.92 | 29.61 | 69.53 | NOTE | |
r-release-macos-arm64 | 0.2.1 | 30.00 | NOTE | |||
r-release-macos-x86_64 | 0.2.1 | 43.00 | NOTE | |||
r-release-windows-x86_64 | 0.2.1 | 38.00 | 65.00 | 103.00 | NOTE | |
r-oldrel-macos-arm64 | 0.2.1 | 35.00 | OK | |||
r-oldrel-macos-x86_64 | 0.2.1 | 53.00 | OK | |||
r-oldrel-windows-x86_64 | 0.2.1 | 46.00 | 74.00 | 120.00 | OK |
Version: 0.2.1
Check: Rd files
Result: NOTE
checkRd: (-1) gigg.Rd:70-77: Lost braces in \itemize; \value handles \item{}{} directly
checkRd: (-1) gigg.Rd:78: Lost braces in \itemize; \value handles \item{}{} directly
checkRd: (-1) gigg.Rd:79: Lost braces in \itemize; \value handles \item{}{} directly
checkRd: (-1) gigg.Rd:80: Lost braces in \itemize; \value handles \item{}{} directly
checkRd: (-1) gigg.Rd:81: Lost braces in \itemize; \value handles \item{}{} directly
checkRd: (-1) gigg.Rd:82: Lost braces in \itemize; \value handles \item{}{} directly
checkRd: (-1) gigg.Rd:83: Lost braces in \itemize; \value handles \item{}{} directly
checkRd: (-1) gigg.Rd:84: Lost braces in \itemize; \value handles \item{}{} directly
checkRd: (-1) gigg.Rd:85: Lost braces in \itemize; \value handles \item{}{} directly
checkRd: (-1) gigg.Rd:86: Lost braces in \itemize; \value handles \item{}{} directly
Flavors: r-devel-linux-x86_64-debian-clang, r-devel-linux-x86_64-debian-gcc, r-devel-linux-x86_64-fedora-clang, r-devel-linux-x86_64-fedora-gcc, r-devel-windows-x86_64, r-patched-linux-x86_64, r-release-linux-x86_64, r-release-macos-arm64, r-release-macos-x86_64, r-release-windows-x86_64