Last updated on 2024-07-01 03:49:03 CEST.
Flavor | Version | Tinstall | Tcheck | Ttotal | Status | Flags |
---|---|---|---|---|---|---|
r-devel-linux-x86_64-debian-clang | 0.8.0 | 4.24 | 63.00 | 67.24 | NOTE | |
r-devel-linux-x86_64-debian-gcc | 0.8.0 | 3.39 | 50.07 | 53.46 | NOTE | |
r-devel-linux-x86_64-fedora-clang | 0.8.0 | 83.46 | NOTE | |||
r-devel-linux-x86_64-fedora-gcc | 0.8.0 | 93.81 | NOTE | |||
r-devel-windows-x86_64 | 0.8.0 | 4.00 | 305.00 | 309.00 | NOTE | |
r-patched-linux-x86_64 | 0.8.0 | 4.17 | 61.11 | 65.28 | NOTE | |
r-release-linux-x86_64 | 0.8.0 | 3.77 | 61.34 | 65.11 | NOTE | |
r-release-macos-arm64 | 0.8.0 | 50.00 | NOTE | |||
r-release-macos-x86_64 | 0.8.0 | 65.00 | NOTE | |||
r-release-windows-x86_64 | 0.8.0 | 5.00 | 234.00 | 239.00 | NOTE | |
r-oldrel-macos-arm64 | 0.8.0 | 45.00 | NOTE | |||
r-oldrel-macos-x86_64 | 0.8.0 | 60.00 | NOTE | |||
r-oldrel-windows-x86_64 | 0.8.0 | 5.00 | 260.00 | 265.00 | NOTE |
Version: 0.8.0
Check: LazyData
Result: NOTE
'LazyData' is specified without a 'data' directory
Flavors: r-devel-linux-x86_64-debian-clang, r-devel-linux-x86_64-debian-gcc, r-devel-linux-x86_64-fedora-clang, r-devel-linux-x86_64-fedora-gcc, r-devel-windows-x86_64, r-patched-linux-x86_64, r-release-linux-x86_64, r-release-macos-arm64, r-release-macos-x86_64, r-release-windows-x86_64, r-oldrel-macos-arm64, r-oldrel-macos-x86_64, r-oldrel-windows-x86_64