Last updated on 2024-07-01 03:49:03 CEST.
Flavor | Version | Tinstall | Tcheck | Ttotal | Status | Flags |
---|---|---|---|---|---|---|
r-devel-linux-x86_64-debian-clang | 0.3.1 | 15.69 | 138.25 | 153.94 | OK | |
r-devel-linux-x86_64-debian-gcc | 0.3.1 | 10.98 | 104.44 | 115.42 | OK | |
r-devel-linux-x86_64-fedora-clang | 0.3.1 | 188.79 | NOTE | |||
r-devel-linux-x86_64-fedora-gcc | 0.3.1 | 189.10 | NOTE | |||
r-devel-windows-x86_64 | 0.3.1 | 14.00 | 123.00 | 137.00 | OK | |
r-patched-linux-x86_64 | 0.3.1 | 19.34 | 133.85 | 153.19 | OK | |
r-release-linux-x86_64 | 0.3.1 | 14.48 | 130.84 | 145.32 | OK | |
r-release-macos-arm64 | 0.3.1 | 63.00 | OK | |||
r-release-macos-x86_64 | 0.3.1 | 93.00 | OK | |||
r-release-windows-x86_64 | 0.3.1 | 13.00 | 121.00 | 134.00 | OK | |
r-oldrel-macos-arm64 | 0.3.1 | 51.00 | OK | |||
r-oldrel-macos-x86_64 | 0.3.1 | 100.00 | OK | |||
r-oldrel-windows-x86_64 | 0.3.1 | 19.00 | 149.00 | 168.00 | OK |
Version: 0.3.1
Check: package dependencies
Result: NOTE
Imports includes 37 non-default packages.
Importing from so many packages makes the package vulnerable to any of
them becoming unavailable. Move as many as possible to Suggests and
use conditionally.
Flavor: r-devel-linux-x86_64-fedora-clang
Version: 0.3.1
Check: dependencies in R code
Result: NOTE
Namespaces in Imports field not imported from:
‘DT’ ‘Formula’ ‘GGally’ ‘Hmisc’ ‘RPostgres’ ‘colourpicker’ ‘ggpmisc’
‘ggpubr’ ‘glue’ ‘gridExtra’ ‘markdown’ ‘patchwork’ ‘plotly’
‘quantreg’ ‘shinyFiles’ ‘shinyjqui’ ‘shinyjs’ ‘table1’ ‘zoo’
All declared Imports should be used.
Flavors: r-devel-linux-x86_64-fedora-clang, r-devel-linux-x86_64-fedora-gcc